Last updated on 2024-04-26 20:51:52 CEST.
Flavor | Version | Tinstall | Tcheck | Ttotal | Status | Flags |
---|---|---|---|---|---|---|
r-devel-linux-x86_64-debian-clang | 0.2-6 | 4.37 | 37.15 | 41.52 | NOTE | |
r-devel-linux-x86_64-debian-gcc | 0.2-6 | 3.67 | 27.98 | 31.65 | NOTE | |
r-devel-linux-x86_64-fedora-clang | 0.2-6 | 53.65 | NOTE | |||
r-devel-linux-x86_64-fedora-gcc | 0.2-6 | 49.58 | NOTE | |||
r-devel-windows-x86_64 | 0.2-6 | 5.00 | 54.00 | 59.00 | NOTE | |
r-patched-linux-x86_64 | 0.2-6 | 5.05 | 35.72 | 40.77 | NOTE | |
r-release-linux-x86_64 | 0.2-6 | 4.68 | 34.22 | 38.90 | OK | |
r-release-macos-arm64 | 0.2-6 | 21.00 | NOTE | |||
r-release-windows-x86_64 | 0.2-6 | 4.00 | 54.00 | 58.00 | NOTE | |
r-oldrel-macos-arm64 | 0.2-6 | 21.00 | OK | |||
r-oldrel-macos-x86_64 | 0.2-6 | 27.00 | OK | |||
r-oldrel-windows-x86_64 | 0.2-6 | 6.00 | 55.00 | 61.00 | OK |
Version: 0.2-6
Check: Rd files
Result: NOTE
checkRd: (-1) rstable.Rd:42: Lost braces
42 | Lo\"{g}ae\"{v}e, M. (1977). Probability Theory I. (fourth edition) Springer-Verlag, New York.
| ^
checkRd: (-1) rstable.Rd:42: Lost braces
42 | Lo\"{g}ae\"{v}e, M. (1977). Probability Theory I. (fourth edition) Springer-Verlag, New York.
| ^
Flavors: r-devel-linux-x86_64-debian-clang, r-devel-linux-x86_64-debian-gcc, r-devel-linux-x86_64-fedora-clang, r-devel-linux-x86_64-fedora-gcc, r-devel-windows-x86_64, r-patched-linux-x86_64, r-release-macos-arm64, r-release-windows-x86_64