CRAN Package Check Results for Package CircStats

Last updated on 2024-02-29 20:52:43 CET.

Flavor Version Tinstall Tcheck Ttotal Status Flags
r-devel-linux-x86_64-debian-clang 0.2-6 4.19 36.59 40.78 NOTE
r-devel-linux-x86_64-debian-gcc 0.2-6 3.31 27.86 31.17 NOTE
r-devel-linux-x86_64-fedora-clang 0.2-6 52.76 NOTE
r-devel-linux-x86_64-fedora-gcc 0.2-6 51.37 NOTE
r-devel-windows-x86_64 0.2-6 4.00 54.00 58.00 OK
r-patched-linux-x86_64 0.2-6 4.62 34.79 39.41 OK
r-release-linux-x86_64 0.2-6 4.99 34.31 39.30 OK
r-release-macos-arm64 0.2-6 21.00 OK
r-release-macos-x86_64 0.2-6 27.00 OK
r-release-windows-x86_64 0.2-6 4.00 62.00 66.00 OK
r-oldrel-macos-arm64 0.2-6 20.00 OK
r-oldrel-windows-x86_64 0.2-6 6.00 60.00 66.00 OK

Check Details

Version: 0.2-6
Check: Rd files
Result: NOTE checkRd: (-1) rstable.Rd:42: Lost braces 42 | Lo\"{g}ae\"{v}e, M. (1977). Probability Theory I. (fourth edition) Springer-Verlag, New York. | ^ checkRd: (-1) rstable.Rd:42: Lost braces 42 | Lo\"{g}ae\"{v}e, M. (1977). Probability Theory I. (fourth edition) Springer-Verlag, New York. | ^ Flavors: r-devel-linux-x86_64-debian-clang, r-devel-linux-x86_64-debian-gcc, r-devel-linux-x86_64-fedora-clang, r-devel-linux-x86_64-fedora-gcc