Last updated on 2024-03-28 12:50:29 CET.
Flavor | Version | Tinstall | Tcheck | Ttotal | Status | Flags |
---|---|---|---|---|---|---|
r-devel-linux-x86_64-debian-clang | 1.3.0 | 3.55 | 58.10 | 61.65 | NOTE | |
r-devel-linux-x86_64-debian-gcc | 1.3.0 | 2.81 | 41.07 | 43.88 | NOTE | |
r-devel-linux-x86_64-fedora-clang | 1.3.0 | 74.01 | NOTE | |||
r-devel-linux-x86_64-fedora-gcc | 1.3.0 | 70.03 | NOTE | |||
r-devel-windows-x86_64 | 1.3.0 | 5.00 | 66.00 | 71.00 | NOTE | |
r-patched-linux-x86_64 | 1.3.0 | 2.90 | 55.79 | 58.69 | NOTE | |
r-release-linux-x86_64 | 1.3.0 | 3.14 | 53.03 | 56.17 | NOTE | |
r-release-macos-arm64 | 1.3.0 | 25.00 | NOTE | |||
r-release-macos-x86_64 | 1.3.0 | 45.00 | NOTE | |||
r-release-windows-x86_64 | 1.3.0 | 5.00 | 70.00 | 75.00 | NOTE | |
r-oldrel-macos-arm64 | 1.3.0 | 28.00 | OK | |||
r-oldrel-windows-x86_64 | 1.3.0 | 4.00 | 91.00 | 95.00 | OK |
Version: 1.3.0
Check: package subdirectories
Result: NOTE
Problems with news in ‘NEWS.md’:
No news entries found.
Flavors: r-devel-linux-x86_64-debian-clang, r-devel-linux-x86_64-debian-gcc, r-devel-linux-x86_64-fedora-clang, r-devel-linux-x86_64-fedora-gcc, r-devel-windows-x86_64, r-patched-linux-x86_64, r-release-linux-x86_64, r-release-macos-arm64, r-release-macos-x86_64, r-release-windows-x86_64