Last updated on 2024-04-24 06:19:09 CEST.
Flavor | Version | Tinstall | Tcheck | Ttotal | Status | Flags |
---|---|---|---|---|---|---|
r-devel-linux-x86_64-debian-clang | 1.2.1 | 4.53 | 29.46 | 33.99 | NOTE | |
r-devel-linux-x86_64-debian-gcc | 1.2.1 | 3.06 | 21.83 | 24.89 | NOTE | |
r-devel-linux-x86_64-fedora-clang | 1.2.1 | 43.81 | NOTE | |||
r-devel-linux-x86_64-fedora-gcc | 1.2.1 | 40.98 | NOTE | |||
r-prerel-macos-arm64 | 1.2.1 | 18.00 | NOTE | |||
r-prerel-windows-x86_64 | 1.2.1 | 7.00 | 44.00 | 51.00 | NOTE | |
r-patched-linux-x86_64 | 1.2.1 | 3.29 | 27.80 | 31.09 | NOTE | |
r-release-linux-x86_64 | 1.2.1 | 3.68 | 28.00 | 31.68 | NOTE | |
r-release-macos-arm64 | 1.2.1 | 18.00 | NOTE | |||
r-release-macos-x86_64 | 1.2.1 | 24.00 | NOTE | |||
r-release-windows-x86_64 | 1.2.1 | 8.00 | 52.00 | 60.00 | NOTE | |
r-oldrel-macos-arm64 | 1.2.1 | 17.00 | NOTE | |||
r-oldrel-windows-x86_64 | 1.2.1 | 11.00 | 49.00 | 60.00 | NOTE |
Version: 1.2.1
Check: LazyData
Result: NOTE
'LazyData' is specified without a 'data' directory
Flavors: r-devel-linux-x86_64-debian-clang, r-devel-linux-x86_64-debian-gcc, r-devel-linux-x86_64-fedora-clang, r-devel-linux-x86_64-fedora-gcc, r-prerel-macos-arm64, r-prerel-windows-x86_64, r-patched-linux-x86_64, r-release-linux-x86_64, r-release-macos-arm64, r-release-macos-x86_64, r-release-windows-x86_64, r-oldrel-macos-arm64, r-oldrel-windows-x86_64
Version: 1.2.1
Check: package dependencies
Result: NOTE
Package suggested but not available for checking: ‘pbdMPI’
Flavors: r-prerel-macos-arm64, r-release-macos-arm64, r-release-macos-x86_64, r-oldrel-macos-arm64