CRAN Package Check Results for Package Chaos01

Last updated on 2022-08-13 12:55:10 CEST.

Flavor Version Tinstall Tcheck Ttotal Status Flags
r-devel-linux-x86_64-debian-clang 1.2.1 4.04 28.87 32.91 NOTE
r-devel-linux-x86_64-debian-gcc 1.2.1 3.33 22.24 25.57 NOTE
r-devel-linux-x86_64-fedora-clang 1.2.1 52.16 NOTE
r-devel-linux-x86_64-fedora-gcc 1.2.1 49.77 NOTE
r-devel-windows-x86_64 1.2.1 18.00 54.00 72.00 NOTE
r-patched-linux-x86_64 1.2.1 3.86 27.61 31.47 NOTE
r-release-linux-x86_64 1.2.1 3.99 28.40 32.39 NOTE
r-release-macos-arm64 1.2.1 17.00 NOTE
r-release-macos-x86_64 1.2.1 23.00 NOTE
r-release-windows-x86_64 1.2.1 16.00 54.00 70.00 NOTE
r-oldrel-macos-arm64 1.2.1 25.00 NOTE
r-oldrel-macos-x86_64 1.2.1 30.00 NOTE
r-oldrel-windows-ix86+x86_64 1.2.1 11.00 62.00 73.00 NOTE

Check Details

Version: 1.2.1
Check: LazyData
Result: NOTE
     'LazyData' is specified without a 'data' directory
Flavors: r-devel-linux-x86_64-debian-clang, r-devel-linux-x86_64-debian-gcc, r-devel-linux-x86_64-fedora-clang, r-devel-linux-x86_64-fedora-gcc, r-devel-windows-x86_64, r-patched-linux-x86_64, r-release-linux-x86_64, r-release-macos-arm64, r-release-macos-x86_64, r-release-windows-x86_64, r-oldrel-macos-arm64, r-oldrel-macos-x86_64, r-oldrel-windows-ix86+x86_64

Version: 1.2.1
Check: package dependencies
Result: NOTE
    Package suggested but not available for checking: ‘pbdMPI’
Flavors: r-release-macos-arm64, r-release-macos-x86_64, r-oldrel-macos-arm64, r-oldrel-macos-x86_64