CRAN Package Check Results for Package Chaos01

Last updated on 2025-06-14 12:48:22 CEST.

Flavor Version Tinstall Tcheck Ttotal Status Flags
r-devel-linux-x86_64-debian-clang 1.2.1 3.52 23.59 27.11 OK
r-devel-linux-x86_64-debian-gcc 1.2.1 2.78 18.80 21.58 OK
r-devel-linux-x86_64-fedora-clang 1.2.1 43.84 OK
r-devel-linux-x86_64-fedora-gcc 1.2.1 39.28 OK
r-devel-windows-x86_64 1.2.1 8.00 69.00 77.00 OK
r-patched-linux-x86_64 1.2.1 3.41 22.02 25.43 OK
r-release-linux-x86_64 1.2.1 3.31 22.15 25.46 OK
r-release-macos-arm64 1.2.1 22.00 OK
r-release-macos-x86_64 1.2.1 30.00 OK
r-release-windows-x86_64 1.2.1 6.00 67.00 73.00 OK
r-oldrel-macos-arm64 1.2.1 24.00 NOTE
r-oldrel-macos-x86_64 1.2.1 32.00 NOTE
r-oldrel-windows-x86_64 1.2.1 7.00 49.00 56.00 NOTE

Check Details

Version: 1.2.1
Check: package dependencies
Result: NOTE Package suggested but not available for checking: ‘pbdMPI’ Flavors: r-oldrel-macos-arm64, r-oldrel-macos-x86_64

Version: 1.2.1
Check: LazyData
Result: NOTE 'LazyData' is specified without a 'data' directory Flavors: r-oldrel-macos-arm64, r-oldrel-macos-x86_64, r-oldrel-windows-x86_64