CRAN Package Check Results for Package Chaos01

Last updated on 2023-02-07 21:54:11 CET.

Flavor Version Tinstall Tcheck Ttotal Status Flags
r-devel-linux-x86_64-debian-clang 1.2.1 4.48 29.64 34.12 NOTE
r-devel-linux-x86_64-debian-gcc 1.2.1 3.43 22.40 25.83 NOTE
r-devel-linux-x86_64-fedora-clang 1.2.1 42.47 NOTE
r-devel-linux-x86_64-fedora-gcc 1.2.1 41.99 NOTE
r-devel-windows-x86_64 1.2.1 18.00 56.00 74.00 NOTE
r-patched-linux-x86_64 1.2.1 4.17 28.77 32.94 NOTE
r-release-linux-x86_64 1.2.1 4.06 29.06 33.12 NOTE
r-release-macos-arm64 1.2.1 17.00 NOTE
r-release-macos-x86_64 1.2.1 23.00 NOTE
r-release-windows-x86_64 1.2.1 21.00 59.00 80.00 NOTE
r-oldrel-macos-arm64 1.2.1 25.00 NOTE
r-oldrel-macos-x86_64 1.2.1 30.00 NOTE
r-oldrel-windows-ix86+x86_64 1.2.1 11.00 61.00 72.00 NOTE

Check Details

Version: 1.2.1
Check: LazyData
Result: NOTE
     'LazyData' is specified without a 'data' directory
Flavors: r-devel-linux-x86_64-debian-clang, r-devel-linux-x86_64-debian-gcc, r-devel-linux-x86_64-fedora-clang, r-devel-linux-x86_64-fedora-gcc, r-devel-windows-x86_64, r-patched-linux-x86_64, r-release-linux-x86_64, r-release-macos-arm64, r-release-macos-x86_64, r-release-windows-x86_64, r-oldrel-macos-arm64, r-oldrel-macos-x86_64, r-oldrel-windows-ix86+x86_64

Version: 1.2.1
Check: package dependencies
Result: NOTE
    Package suggested but not available for checking: ‘pbdMPI’
Flavors: r-release-macos-arm64, r-release-macos-x86_64, r-oldrel-macos-arm64, r-oldrel-macos-x86_64