Last updated on 2023-03-29 03:52:59 CEST.
Flavor | Version | Tinstall | Tcheck | Ttotal | Status | Flags |
---|---|---|---|---|---|---|
r-devel-linux-x86_64-debian-clang | 1.3 | 6.73 | 57.56 | 64.29 | NOTE | |
r-devel-linux-x86_64-debian-gcc | 1.3 | 5.13 | 41.69 | 46.82 | NOTE | |
r-devel-linux-x86_64-fedora-clang | 1.3 | 77.07 | NOTE | |||
r-devel-linux-x86_64-fedora-gcc | 1.3 | 72.38 | NOTE | |||
r-devel-windows-x86_64 | 1.3 | 67.00 | 0.00 | 67.00 | NOTE | |
r-patched-linux-x86_64 | 1.3 | 5.89 | 51.61 | 57.50 | NOTE | |
r-release-linux-x86_64 | 1.3 | 6.66 | 54.64 | 61.30 | NOTE | |
r-release-macos-arm64 | 1.3 | 26.00 | NOTE | |||
r-release-macos-x86_64 | 1.3 | 48.00 | NOTE | |||
r-release-windows-x86_64 | 1.3 | 35.00 | 84.00 | 119.00 | NOTE | |
r-oldrel-macos-arm64 | 1.3 | 30.00 | NOTE | |||
r-oldrel-macos-x86_64 | 1.3 | 56.00 | NOTE | |||
r-oldrel-windows-ix86+x86_64 | 1.3 | 17.00 | 82.00 | 99.00 | NOTE |
Version: 1.3
Check: LazyData
Result: NOTE
'LazyData' is specified without a 'data' directory
Flavors: r-devel-linux-x86_64-debian-clang, r-devel-linux-x86_64-debian-gcc, r-devel-linux-x86_64-fedora-clang, r-devel-linux-x86_64-fedora-gcc, r-devel-windows-x86_64, r-patched-linux-x86_64, r-release-linux-x86_64, r-release-macos-arm64, r-release-macos-x86_64, r-release-windows-x86_64, r-oldrel-macos-arm64, r-oldrel-macos-x86_64, r-oldrel-windows-ix86+x86_64