CRAN Package Check Results for Package Census2016

Last updated on 2023-03-22 21:57:55 CET.

Flavor Version Tinstall Tcheck Ttotal Status Flags
r-devel-linux-x86_64-debian-clang 0.2.0 7.77 46.83 54.60 OK
r-devel-linux-x86_64-debian-gcc 0.2.0 8.01 36.49 44.50 OK
r-devel-linux-x86_64-fedora-clang 0.2.0 75.12 NOTE
r-devel-linux-x86_64-fedora-gcc 0.2.0 79.04 NOTE
r-devel-windows-x86_64 0.2.0 25.00 93.00 118.00 OK
r-patched-linux-x86_64 0.2.0 8.55 47.51 56.06 OK
r-release-linux-x86_64 0.2.0 10.06 46.89 56.95 OK
r-release-macos-arm64 0.2.0 30.00 NOTE
r-release-macos-x86_64 0.2.0 36.00 NOTE
r-release-windows-x86_64 0.2.0 25.00 93.00 118.00 OK
r-oldrel-macos-arm64 0.2.0 31.00 NOTE
r-oldrel-macos-x86_64 0.2.0 48.00 NOTE
r-oldrel-windows-ix86+x86_64 0.2.0 15.00 107.00 122.00 WARN

Check Details

Version: 0.2.0
Check: dependencies in R code
Result: NOTE
    Namespace in Imports field not imported from: ‘data.table’
     All declared Imports should be used.
Flavors: r-devel-linux-x86_64-fedora-clang, r-devel-linux-x86_64-fedora-gcc, r-release-macos-arm64, r-release-macos-x86_64, r-oldrel-macos-arm64, r-oldrel-macos-x86_64

Version: 0.2.0
Check: for unstated dependencies in ‘tests’
Result: WARN
    Warning: unable to access index for repository https://bioconductor.org/packages/3.14/bioc/src/contrib:
     cannot open URL 'https://bioconductor.org/packages/3.14/bioc/src/contrib/PACKAGES'
    Warning: unable to access index for repository https://bioconductor.org/packages/3.14/data/annotation/src/contrib:
     cannot open URL 'https://bioconductor.org/packages/3.14/data/annotation/src/contrib/PACKAGES'
    Warning: unable to access index for repository https://bioconductor.org/packages/3.14/data/experiment/src/contrib:
     cannot open URL 'https://bioconductor.org/packages/3.14/data/experiment/src/contrib/PACKAGES'
Flavor: r-oldrel-windows-ix86+x86_64