Last updated on 2022-05-20 06:50:52 CEST.
Flavor | Version | Tinstall | Tcheck | Ttotal | Status | Flags |
---|---|---|---|---|---|---|
r-devel-linux-x86_64-debian-clang | 1.0.1 | 20.44 | 41.78 | 62.22 | OK | |
r-devel-linux-x86_64-debian-gcc | 1.0.1 | 15.76 | 31.53 | 47.29 | OK | |
r-devel-linux-x86_64-fedora-clang | 1.0.1 | 82.99 | NOTE | |||
r-devel-linux-x86_64-fedora-gcc | 1.0.1 | 75.63 | OK | |||
r-devel-windows-x86_64 | 1.0.1 | 37.00 | 73.00 | 110.00 | OK | |
r-patched-linux-x86_64 | 1.0.1 | 18.53 | 38.39 | 56.92 | OK | |
r-release-linux-x86_64 | 1.0.1 | 18.73 | 39.32 | 58.05 | OK | |
r-release-macos-arm64 | 1.0.1 | 25.00 | OK | |||
r-release-macos-x86_64 | 1.0.1 | 33.00 | OK | |||
r-release-windows-x86_64 | 1.0.1 | 40.00 | 76.00 | 116.00 | OK | |
r-oldrel-macos-arm64 | 1.0.1 | 29.00 | OK | |||
r-oldrel-macos-x86_64 | 1.0.1 | 42.00 | OK | |||
r-oldrel-windows-ix86+x86_64 | 1.0.1 | 57.00 | 76.00 | 133.00 | OK |
Version: 1.0.1
Check: Rd cross-references
Result: NOTE
Undeclared package ‘sitmo’ in Rd xrefs
Flavor: r-devel-linux-x86_64-fedora-clang