CRAN Package Check Results for Package CausalGPS

Last updated on 2023-03-29 11:52:11 CEST.

Flavor Version Tinstall Tcheck Ttotal Status Flags
r-devel-linux-x86_64-debian-clang 0.3.0 48.03 514.94 562.97 OK
r-devel-linux-x86_64-debian-gcc 0.3.0 34.98 351.47 386.45 OK
r-devel-linux-x86_64-fedora-clang 0.3.0 633.30 OK
r-devel-linux-x86_64-fedora-gcc 0.3.0 580.49 OK
r-devel-windows-x86_64 0.3.0 106.00 574.00 680.00 OK
r-patched-linux-x86_64 0.3.0 35.83 446.60 482.43 OK
r-release-linux-x86_64 0.3.0 25.67 436.78 462.45 OK
r-release-macos-arm64 0.3.0 118.00 OK
r-release-macos-x86_64 0.3.0 224.00 OK
r-release-windows-x86_64 0.3.0 78.00 550.00 628.00 OK
r-oldrel-macos-arm64 0.3.0 137.00 OK
r-oldrel-macos-x86_64 0.3.0 223.00 OK
r-oldrel-windows-ix86+x86_64 0.3.0 106.00 880.00 986.00 ERROR

Check Details

Version: 0.3.0
Check: running examples for arch ‘i386’
Result: ERROR
    Running examples in 'CausalGPS-Ex.R' failed
    The error most likely occurred in:
    
    > ### Name: set_logger
    > ### Title: Set Logger Settings
    > ### Aliases: set_logger
    >
    > ### ** Examples
    >
    >
    > set_logger("Debug")
    >
    >
    >
    >
    > ### * <FOOTER>
    > ###
    > cleanEx()
    > options(digits = 7L)
    > base::cat("Time elapsed: ", proc.time() - base::get("ptime", pos = 'CheckExEnv'),"\n")
    Time elapsed: 18 1.08 25.79 NA NA
    > grDevices::dev.off()
    null device
     1
    > ###
    > ### Local variables: ***
    > ### mode: outline-minor ***
    > ### outline-regexp: "\\(> \\)?### [*]+" ***
    > ### End: ***
    > quit('no')
Flavor: r-oldrel-windows-ix86+x86_64

Version: 0.3.0
Check: running tests for arch ‘i386’
Result: ERROR
     Running 'testthat.R' [283s]
    Running the tests in 'tests/testthat.R' failed.
    Complete output:
     > library(testthat)
     > library(CausalGPS)
     >
     > Sys.setenv("R_TESTS" = "")
     > library(testthat)
     > test_check("CausalGPS")
     2023-03-27 03:21:47 CRANWIN 44196 CausalGPS log_system_info INFO: System name: Windows, OS type: windows, machine architecture: x86, user: CRAN, R version 4.1.3 (2022-03-10), detected cores: 32
     2023-03-27 03:22:01 CRANWIN 44196 CausalGPS compile_pseudo_pop INFO: Starting compiling pseudo population (original data size: 196) ...
     2023-03-27 03:22:01 CRANWIN 44196 CausalGPS FUN WARN: There is no data to match with 19.9149974416582 in 0.5 radius.
     2023-03-27 03:22:01 CRANWIN 44196 CausalGPS compile_pseudo_pop INFO: Finished compiling pseudo population (Pseudo population data size: 196)
     2023-03-27 03:22:05 CRANWIN 44196 CausalGPS log_system_info INFO: System name: Windows, OS type: windows, machine architecture: x86, user: CRAN, R version 4.1.3 (2022-03-10), detected cores: 32
     2023-03-27 03:22:29 CRANWIN 44196 CausalGPS compile_pseudo_pop INFO: Starting compiling pseudo population (original data size: 490) ...
     2023-03-27 03:22:29 CRANWIN 44196 CausalGPS compile_pseudo_pop INFO: Finished compiling pseudo population (Pseudo population data size: 490)
     2023-03-27 03:22:30 CRANWIN 44196 CausalGPS generate_pseudo_pop WARN: Effective sample size is less than recommended.Current: 7.35941118386681, recommended min value: 49.
     2023-03-27 03:22:30 CRANWIN 44196 CausalGPS log_system_info INFO: System name: Windows, OS type: windows, machine architecture: x86, user: CRAN, R version 4.1.3 (2022-03-10), detected cores: 32
     2023-03-27 03:22:34 CRANWIN 44196 CausalGPS compile_pseudo_pop INFO: Starting compiling pseudo population (original data size: 196) ...
     2023-03-27 03:22:34 CRANWIN 44196 CausalGPS FUN WARN: There is no data to match with 21.2300763979248 in 0.5 radius.
     2023-03-27 03:22:34 CRANWIN 44196 CausalGPS compile_pseudo_pop INFO: Finished compiling pseudo population (Pseudo population data size: 196)
     2023-03-27 03:22:36 CRANWIN 44196 CausalGPS compile_pseudo_pop INFO: Starting compiling pseudo population (original data size: 100) ...
     2023-03-27 03:22:36 CRANWIN 44196 CausalGPS FUN WARN: There is no data to match with -8.74760785492387 in 0.5 radius.
     2023-03-27 03:22:36 CRANWIN 44196 CausalGPS FUN WARN: There is no data to match with -7.74760785492387 in 0.5 radius.
     2023-03-27 03:22:36 CRANWIN 44196 CausalGPS FUN WARN: There is no data to match with -6.74760785492387 in 0.5 radius.
     2023-03-27 03:22:36 CRANWIN 44196 CausalGPS FUN WARN: There is no data to match with -5.74760785492387 in 0.5 radius.
     2023-03-27 03:22:36 CRANWIN 44196 CausalGPS FUN WARN: There is no data to match with -4.74760785492387 in 0.5 radius.
     2023-03-27 03:22:36 CRANWIN 44196 CausalGPS FUN WARN: There is no data to match with -3.74760785492387 in 0.5 radius.
     2023-03-27 03:22:36 CRANWIN 44196 CausalGPS FUN WARN: There is no data to match with 21.2523921450761 in 0.5 radius.
     2023-03-27 03:22:36 CRANWIN 44196 CausalGPS FUN WARN: There is no data to match with 22.2523921450761 in 0.5 radius.
     2023-03-27 03:22:36 CRANWIN 44196 CausalGPS FUN WARN: There is no data to match with 23.2523921450761 in 0.5 radius.
     2023-03-27 03:22:36 CRANWIN 44196 CausalGPS compile_pseudo_pop INFO: Finished compiling pseudo population (Pseudo population data size: 100)
     2023-03-27 03:22:36 CRANWIN 44196 CausalGPS compile_pseudo_pop INFO: Starting compiling pseudo population (original data size: 1000) ...
     2023-03-27 03:22:36 CRANWIN 44196 CausalGPS compile_pseudo_pop INFO: Finished compiling pseudo population (Pseudo population data size: 1000)
     2023-03-27 03:22:37 CRANWIN 44196 CausalGPS log_system_info INFO: System name: Windows, OS type: windows, machine architecture: x86, user: CRAN, R version 4.1.3 (2022-03-10), detected cores: 32
     2023-03-27 03:22:55 CRANWIN 44196 CausalGPS compile_pseudo_pop INFO: Starting compiling pseudo population (original data size: 98) ...
     2023-03-27 03:22:55 CRANWIN 44196 CausalGPS FUN WARN: There is no data to match with 17.0145640770203 in 0.5 radius.
     2023-03-27 03:22:55 CRANWIN 44196 CausalGPS compile_pseudo_pop INFO: Finished compiling pseudo population (Pseudo population data size: 98)
     2023-03-27 03:22:55 CRANWIN 44196 CausalGPS log_system_info INFO: System name: Windows, OS type: windows, machine architecture: x86, user: CRAN, R version 4.1.3 (2022-03-10), detected cores: 32
     2023-03-27 03:23:17 CRANWIN 44196 CausalGPS compile_pseudo_pop INFO: Starting compiling pseudo population (original data size: 98) ...
     2023-03-27 03:23:18 CRANWIN 44196 CausalGPS FUN WARN: There is no data to match with 17.0145640770203 in 0.5 radius.
     2023-03-27 03:23:18 CRANWIN 44196 CausalGPS compile_pseudo_pop INFO: Finished compiling pseudo population (Pseudo population data size: 98)
     2023-03-27 03:23:20 CRANWIN 44196 CausalGPS estimate_gps WARN: Vector w has 1 missing values.
     2023-03-27 03:23:21 CRANWIN 44196 CausalGPS log_system_info INFO: System name: Windows, OS type: windows, machine architecture: x86, user: CRAN, R version 4.1.3 (2022-03-10), detected cores: 32
     2023-03-27 03:23:59 CRANWIN 44196 CausalGPS compile_pseudo_pop INFO: Starting compiling pseudo population (original data size: 392) ...
     2023-03-27 03:24:00 CRANWIN 44196 CausalGPS compile_pseudo_pop INFO: Finished compiling pseudo population (Pseudo population data size: 392)
     2023-03-27 03:24:05 CRANWIN 44196 CausalGPS estimate_npmetric_erf INFO: The band width with the minimum risk value: 2.
     2023-03-27 03:24:05 CRANWIN 44196 CausalGPS log_system_info INFO: System name: Windows, OS type: windows, machine architecture: x86, user: CRAN, R version 4.1.3 (2022-03-10), detected cores: 32
     2023-03-27 03:24:45 CRANWIN 44196 CausalGPS compile_pseudo_pop INFO: Starting compiling pseudo population (original data size: 392) ...
     2023-03-27 03:24:45 CRANWIN 44196 CausalGPS compile_pseudo_pop INFO: Finished compiling pseudo population (Pseudo population data size: 392)
     2023-03-27 03:24:50 CRANWIN 44196 CausalGPS estimate_npmetric_erf INFO: The band width with the minimum risk value: 2.
     2023-03-27 03:24:50 CRANWIN 44196 CausalGPS log_system_info INFO: System name: Windows, OS type: windows, machine architecture: x86, user: CRAN, R version 4.1.3 (2022-03-10), detected cores: 32
     2023-03-27 03:24:58 CRANWIN 44196 CausalGPS compile_pseudo_pop INFO: Starting compiling pseudo population (original data size: 490) ...
     2023-03-27 03:24:59 CRANWIN 44196 CausalGPS compile_pseudo_pop INFO: Finished compiling pseudo population (Pseudo population data size: 490)
     2023-03-27 03:24:59 CRANWIN 44196 CausalGPS generate_pseudo_pop WARN: Effective sample size is less than recommended.Current: 26.1426863179163, recommended min value: 49.
     2023-03-27 03:24:59 CRANWIN 44196 CausalGPS log_system_info INFO: System name: Windows, OS type: windows, machine architecture: x86, user: CRAN, R version 4.1.3 (2022-03-10), detected cores: 32
     2023-03-27 03:25:03 CRANWIN 44196 CausalGPS compile_pseudo_pop INFO: Starting compiling pseudo population (original data size: 460) ...
     2023-03-27 03:25:03 CRANWIN 44196 CausalGPS compile_pseudo_pop INFO: Finished compiling pseudo population (Pseudo population data size: 460)
     2023-03-27 03:25:03 CRANWIN 44196 CausalGPS generate_pseudo_pop WARN: Effective sample size is less than recommended.Current: 20.5023661048217, recommended min value: 46.
     2023-03-27 03:25:03 CRANWIN 44196 CausalGPS log_system_info INFO: System name: Windows, OS type: windows, machine architecture: x86, user: CRAN, R version 4.1.3 (2022-03-10), detected cores: 32
     2023-03-27 03:25:03 CRANWIN 44196 CausalGPS log_system_info INFO: System name: Windows, OS type: windows, machine architecture: x86, user: CRAN, R version 4.1.3 (2022-03-10), detected cores: 32
     2023-03-27 03:25:03 CRANWIN 44196 CausalGPS log_system_info INFO: System name: Windows, OS type: windows, machine architecture: x86, user: CRAN, R version 4.1.3 (2022-03-10), detected cores: 32
     2023-03-27 03:25:03 CRANWIN 44196 CausalGPS log_system_info INFO: System name: Windows, OS type: windows, machine architecture: x86, user: CRAN, R version 4.1.3 (2022-03-10), detected cores: 32
     2023-03-27 03:25:03 CRANWIN 44196 CausalGPS log_system_info INFO: System name: Windows, OS type: windows, machine architecture: x86, user: CRAN, R version 4.1.3 (2022-03-10), detected cores: 32
     2023-03-27 03:25:03 CRANWIN 44196 CausalGPS log_system_info INFO: System name: Windows, OS type: windows, machine architecture: x86, user: CRAN, R version 4.1.3 (2022-03-10), detected cores: 32
     2023-03-27 03:25:03 CRANWIN 44196 CausalGPS log_system_info INFO: System name: Windows, OS type: windows, machine architecture: x86, user: CRAN, R version 4.1.3 (2022-03-10), detected cores: 32
     2023-03-27 03:25:03 CRANWIN 44196 CausalGPS log_system_info INFO: System name: Windows, OS type: windows, machine architecture: x86, user: CRAN, R version 4.1.3 (2022-03-10), detected cores: 32
     2023-03-27 03:25:03 CRANWIN 44196 CausalGPS log_system_info INFO: System name: Windows, OS type: windows, machine architecture: x86, user: CRAN, R version 4.1.3 (2022-03-10), detected cores: 32
     2023-03-27 03:25:07 CRANWIN 44196 CausalGPS compile_pseudo_pop INFO: Starting compiling pseudo population (original data size: 460) ...
     2023-03-27 03:25:07 CRANWIN 44196 CausalGPS compile_pseudo_pop INFO: Finished compiling pseudo population (Pseudo population data size: 460)
     2023-03-27 03:25:07 CRANWIN 44196 CausalGPS generate_pseudo_pop WARN: Effective sample size is less than recommended.Current: 3.24085816396445, recommended min value: 46.
     2023-03-27 03:25:07 CRANWIN 44196 CausalGPS log_system_info INFO: System name: Windows, OS type: windows, machine architecture: x86, user: CRAN, R version 4.1.3 (2022-03-10), detected cores: 32
     2023-03-27 03:25:11 CRANWIN 44196 CausalGPS compile_pseudo_pop INFO: Starting compiling pseudo population (original data size: 460) ...
     2023-03-27 03:25:12 CRANWIN 44196 CausalGPS compile_pseudo_pop INFO: Finished compiling pseudo population (Pseudo population data size: 460)
     2023-03-27 03:25:15 CRANWIN 44196 CausalGPS compile_pseudo_pop INFO: Starting compiling pseudo population (original data size: 460) ...
     2023-03-27 03:25:16 CRANWIN 44196 CausalGPS compile_pseudo_pop INFO: Finished compiling pseudo population (Pseudo population data size: 460)
     2023-03-27 03:25:20 CRANWIN 44196 CausalGPS compile_pseudo_pop INFO: Starting compiling pseudo population (original data size: 460) ...
     2023-03-27 03:25:20 CRANWIN 44196 CausalGPS compile_pseudo_pop INFO: Finished compiling pseudo population (Pseudo population data size: 460)
     2023-03-27 03:25:24 CRANWIN 44196 CausalGPS compile_pseudo_pop INFO: Starting compiling pseudo population (original data size: 460) ...
     2023-03-27 03:25:24 CRANWIN 44196 CausalGPS compile_pseudo_pop INFO: Finished compiling pseudo population (Pseudo population data size: 460)
     2023-03-27 03:25:24 CRANWIN 44196 CausalGPS generate_pseudo_pop WARN: Effective sample size is less than recommended.Current: 20.5161021345085, recommended min value: 46.
     2023-03-27 03:25:24 CRANWIN 44196 CausalGPS log_system_info INFO: System name: Windows, OS type: windows, machine architecture: x86, user: CRAN, R version 4.1.3 (2022-03-10), detected cores: 32
     2023-03-27 03:25:27 CRANWIN 44196 CausalGPS compile_pseudo_pop INFO: Starting compiling pseudo population (original data size: 460) ...
     2023-03-27 03:25:27 CRANWIN 44196 CausalGPS compile_pseudo_pop INFO: Finished compiling pseudo population (Pseudo population data size: 460)
     2023-03-27 03:25:29 CRANWIN 44196 CausalGPS compile_pseudo_pop INFO: Starting compiling pseudo population (original data size: 460) ...
     2023-03-27 03:25:30 CRANWIN 44196 CausalGPS compile_pseudo_pop INFO: Finished compiling pseudo population (Pseudo population data size: 460)
     2023-03-27 03:25:32 CRANWIN 44196 CausalGPS compile_pseudo_pop INFO: Starting compiling pseudo population (original data size: 460) ...
     2023-03-27 03:25:33 CRANWIN 44196 CausalGPS compile_pseudo_pop INFO: Finished compiling pseudo population (Pseudo population data size: 460)
     2023-03-27 03:25:35 CRANWIN 44196 CausalGPS compile_pseudo_pop INFO: Starting compiling pseudo population (original data size: 460) ...
     2023-03-27 03:25:35 CRANWIN 44196 CausalGPS compile_pseudo_pop INFO: Finished compiling pseudo population (Pseudo population data size: 460)
     2023-03-27 03:25:38 CRANWIN 44196 CausalGPS compile_pseudo_pop INFO: Starting compiling pseudo population (original data size: 460) ...
     2023-03-27 03:25:39 CRANWIN 44196 CausalGPS compile_pseudo_pop INFO: Finished compiling pseudo population (Pseudo population data size: 460)
     2023-03-27 03:25:41 CRANWIN 44196 CausalGPS compile_pseudo_pop INFO: Starting compiling pseudo population (original data size: 460) ...
     2023-03-27 03:25:42 CRANWIN 44196 CausalGPS compile_pseudo_pop INFO: Finished compiling pseudo population (Pseudo population data size: 460)
     2023-03-27 03:25:44 CRANWIN 44196 CausalGPS compile_pseudo_pop INFO: Starting compiling pseudo population (original data size: 460) ...
     2023-03-27 03:25:44 CRANWIN 44196 CausalGPS compile_pseudo_pop INFO: Finished compiling pseudo population (Pseudo population data size: 460)
     2023-03-27 03:25:44 CRANWIN 44196 CausalGPS generate_pseudo_pop WARN: Effective sample size is less than recommended.Current: 22.7748385392029, recommended min value: 46.
     [ FAIL 0 | WARN 88 | SKIP 0 | PASS 210 ]
    
     [ FAIL 0 | WARN 88 | SKIP 0 | PASS 210 ]
     >
     > proc.time()
     user system elapsed
     252.37 15.13 282.42
Flavor: r-oldrel-windows-ix86+x86_64