Last updated on 2024-04-26 20:51:51 CEST.
Flavor | Version | Tinstall | Tcheck | Ttotal | Status | Flags |
---|---|---|---|---|---|---|
r-devel-linux-x86_64-debian-clang | 0.3.1 | 4.61 | 64.39 | 69.00 | OK | |
r-devel-linux-x86_64-debian-gcc | 0.3.1 | 3.11 | 46.87 | 49.98 | OK | |
r-devel-linux-x86_64-fedora-clang | 0.3.1 | 85.22 | NOTE | |||
r-devel-linux-x86_64-fedora-gcc | 0.3.1 | 101.00 | NOTE | |||
r-devel-windows-x86_64 | 0.3.1 | 5.00 | 67.00 | 72.00 | OK | |
r-patched-linux-x86_64 | 0.3.1 | 5.52 | 62.23 | 67.75 | OK | |
r-release-linux-x86_64 | 0.3.1 | 4.18 | 60.72 | 64.90 | OK | |
r-release-macos-arm64 | 0.3.1 | 38.00 | OK | |||
r-release-macos-x86_64 | 0.3.1 | 90.00 | OK | |||
r-release-windows-x86_64 | 0.3.1 | 5.00 | 67.00 | 72.00 | OK | |
r-oldrel-macos-arm64 | 0.3.1 | 39.00 | OK | |||
r-oldrel-macos-x86_64 | 0.3.1 | 68.00 | OK | |||
r-oldrel-windows-x86_64 | 0.3.1 | 6.00 | 74.00 | 80.00 | OK |
Version: 0.3.1
Check: data for non-ASCII characters
Result: NOTE
Note: found 3 marked UTF-8 strings
Flavors: r-devel-linux-x86_64-fedora-clang, r-devel-linux-x86_64-fedora-gcc