Last updated on 2023-12-10 06:50:20 CET.
Flavor | Version | Tinstall | Tcheck | Ttotal | Status | Flags |
---|---|---|---|---|---|---|
r-devel-linux-x86_64-debian-clang | 0.3 | 102.10 | 138.26 | 240.36 | NOTE | |
r-devel-linux-x86_64-debian-gcc | 0.3 | 68.36 | 103.32 | 171.68 | NOTE | |
r-devel-linux-x86_64-fedora-clang | 0.3 | 331.71 | NOTE | |||
r-devel-linux-x86_64-fedora-gcc | 0.3 | 330.01 | NOTE | |||
r-devel-windows-x86_64 | 0.3 | 83.00 | 140.00 | 223.00 | NOTE | |
r-patched-linux-x86_64 | 0.3 | 79.88 | 134.07 | 213.95 | NOTE | |
r-release-linux-x86_64 | 0.3 | 64.02 | 132.28 | 196.30 | NOTE | |
r-release-macos-arm64 | 0.3 | 98.00 | NOTE | |||
r-release-macos-x86_64 | 0.3 | 173.00 | NOTE | |||
r-release-windows-x86_64 | 0.3 | 106.00 | 167.00 | 273.00 | NOTE | |
r-oldrel-macos-arm64 | 0.3 | 73.00 | NOTE | |||
r-oldrel-macos-x86_64 | 0.3 | 116.00 | NOTE | |||
r-oldrel-windows-x86_64 | 0.3 | 101.00 | 169.00 | 270.00 | NOTE |
Version: 0.3
Check: for GNU extensions in Makefiles
Result: NOTE
GNU make is a SystemRequirements.
Flavors: r-devel-linux-x86_64-debian-clang, r-devel-linux-x86_64-debian-gcc, r-devel-linux-x86_64-fedora-clang, r-devel-linux-x86_64-fedora-gcc, r-devel-windows-x86_64, r-patched-linux-x86_64, r-release-linux-x86_64, r-release-macos-arm64, r-release-macos-x86_64, r-release-windows-x86_64, r-oldrel-macos-arm64, r-oldrel-macos-x86_64, r-oldrel-windows-x86_64