CRAN Package Check Results for Package Canopy

Last updated on 2022-01-23 05:57:46 CET.

Flavor Version Tinstall Tcheck Ttotal Status Flags
r-devel-linux-x86_64-debian-clang 1.3.0 11.91 177.45 189.36 NOTE
r-devel-linux-x86_64-debian-gcc 1.3.0 12.92 144.86 157.78 NOTE
r-devel-linux-x86_64-fedora-clang 1.3.0 241.28 NOTE
r-devel-linux-x86_64-fedora-gcc 1.3.0 216.10 NOTE
r-devel-windows-x86_64-new-UL 1.3.0 43.00 203.00 246.00 OK
r-devel-windows-x86_64-new-TK 1.3.0 OK
r-patched-linux-x86_64 1.3.0 12.38 169.51 181.89 NOTE
r-release-linux-x86_64 1.3.0 11.76 166.68 178.44 NOTE
r-release-macos-arm64 1.3.0 OK
r-release-macos-x86_64 1.3.0 OK
r-release-windows-ix86+x86_64 1.3.0 27.00 207.00 234.00 OK
r-oldrel-macos-x86_64 1.3.0 OK
r-oldrel-windows-ix86+x86_64 1.3.0 28.00 206.00 234.00 OK

Check Details

Version: 1.3.0
Check: for non-standard things in the check directory
Result: NOTE
    Found the following files/directories:
     'MDA231_tree.pdf'
Flavors: r-devel-linux-x86_64-debian-clang, r-devel-linux-x86_64-debian-gcc, r-devel-linux-x86_64-fedora-clang, r-devel-linux-x86_64-fedora-gcc, r-patched-linux-x86_64, r-release-linux-x86_64