Last updated on 2025-04-30 06:51:13 CEST.
Flavor | Version | Tinstall | Tcheck | Ttotal | Status | Flags |
---|---|---|---|---|---|---|
r-devel-linux-x86_64-debian-clang | 1.3.0 | 12.16 | 143.50 | 155.66 | NOTE | |
r-devel-linux-x86_64-debian-gcc | 1.3.0 | 8.14 | 94.50 | 102.64 | NOTE | |
r-devel-linux-x86_64-fedora-clang | 1.3.0 | 227.47 | NOTE | |||
r-devel-linux-x86_64-fedora-gcc | 1.3.0 | 231.44 | NOTE | |||
r-devel-windows-x86_64 | 1.3.0 | 13.00 | 155.00 | 168.00 | OK | |
r-patched-linux-x86_64 | 1.3.0 | 11.29 | 134.05 | 145.34 | NOTE | |
r-release-linux-x86_64 | 1.3.0 | 10.60 | 132.17 | 142.77 | NOTE | |
r-release-macos-arm64 | 1.3.0 | 72.00 | OK | |||
r-release-macos-x86_64 | 1.3.0 | 136.00 | OK | |||
r-release-windows-x86_64 | 1.3.0 | 13.00 | 151.00 | 164.00 | OK | |
r-oldrel-macos-arm64 | 1.3.0 | 67.00 | OK | |||
r-oldrel-macos-x86_64 | 1.3.0 | 102.00 | OK | |||
r-oldrel-windows-x86_64 | 1.3.0 | 16.00 | 184.00 | 200.00 | OK |
Version: 1.3.0
Check: CRAN incoming feasibility
Result: NOTE
Maintainer: ‘Yuchao Jiang <yuchaoj@email.unc.edu>’
No Authors@R field in DESCRIPTION.
Please add one, modifying
Authors@R: c(person(given = "Yuchao",
family = "Jiang",
role = c("aut", "cre"),
email = "yuchaoj@email.unc.edu"),
person(given = c("Nancy", "R."),
family = "Zhang",
role = "aut"))
as necessary.
Flavors: r-devel-linux-x86_64-debian-clang, r-devel-linux-x86_64-debian-gcc
Version: 1.3.0
Check: for non-standard things in the check directory
Result: NOTE
Found the following files/directories:
‘MDA231_tree.pdf’
Flavors: r-devel-linux-x86_64-debian-clang, r-devel-linux-x86_64-debian-gcc, r-devel-linux-x86_64-fedora-clang, r-devel-linux-x86_64-fedora-gcc, r-patched-linux-x86_64, r-release-linux-x86_64