Last updated on 2023-03-22 21:57:54 CET.
Flavor | Version | Tinstall | Tcheck | Ttotal | Status | Flags |
---|---|---|---|---|---|---|
r-devel-linux-x86_64-debian-clang | 2.0.3 | 120.35 | 85.90 | 206.25 | NOTE | |
r-devel-linux-x86_64-debian-gcc | 2.0.3 | 101.44 | 64.33 | 165.77 | NOTE | |
r-devel-linux-x86_64-fedora-clang | 2.0.3 | 310.60 | NOTE | |||
r-devel-linux-x86_64-fedora-gcc | 2.0.3 | 272.26 | NOTE | |||
r-devel-windows-x86_64 | 2.0.3 | 106.00 | 139.00 | 245.00 | NOTE | |
r-patched-linux-x86_64 | 2.0.3 | 101.27 | 81.49 | 182.76 | NOTE | |
r-release-linux-x86_64 | 2.0.3 | 101.48 | 82.88 | 184.36 | NOTE | |
r-release-macos-arm64 | 2.0.3 | 70.00 | NOTE | |||
r-release-macos-x86_64 | 2.0.3 | 118.00 | NOTE | |||
r-release-windows-x86_64 | 2.0.3 | 88.00 | 137.00 | 225.00 | NOTE | |
r-oldrel-macos-arm64 | 2.0.3 | 76.00 | NOTE | |||
r-oldrel-macos-x86_64 | 2.0.3 | 114.00 | NOTE | |||
r-oldrel-windows-ix86+x86_64 | 2.0.3 | 261.00 | 159.00 | 420.00 | NOTE |
Version: 2.0.3
Check: LazyData
Result: NOTE
'LazyData' is specified without a 'data' directory
Flavors: r-devel-linux-x86_64-debian-clang, r-devel-linux-x86_64-debian-gcc, r-devel-linux-x86_64-fedora-clang, r-devel-linux-x86_64-fedora-gcc, r-devel-windows-x86_64, r-patched-linux-x86_64, r-release-linux-x86_64, r-release-macos-arm64, r-release-macos-x86_64, r-release-windows-x86_64, r-oldrel-macos-arm64, r-oldrel-macos-x86_64, r-oldrel-windows-ix86+x86_64
Version: 2.0.3
Check: installed package size
Result: NOTE
installed size is 9.8Mb
sub-directories of 1Mb or more:
libs 9.5Mb
Flavors: r-release-macos-arm64, r-release-macos-x86_64, r-oldrel-macos-arm64, r-oldrel-macos-x86_64