Last updated on 2025-05-22 21:51:23 CEST.
Flavor | Version | Tinstall | Tcheck | Ttotal | Status | Flags |
---|---|---|---|---|---|---|
r-devel-linux-x86_64-debian-clang | 1.3.0 | 8.88 | 91.19 | 100.07 | NOTE | |
r-devel-linux-x86_64-debian-gcc | 1.3.0 | 6.86 | 64.91 | 71.77 | NOTE | |
r-devel-linux-x86_64-fedora-clang | 1.3.0 | 157.64 | OK | |||
r-devel-linux-x86_64-fedora-gcc | 1.3.0 | 152.00 | OK | |||
r-devel-windows-x86_64 | 1.3.0 | 9.00 | 118.00 | 127.00 | OK | |
r-patched-linux-x86_64 | 1.3.0 | 8.72 | 85.39 | 94.11 | OK | |
r-release-linux-x86_64 | 1.3.0 | 8.42 | 85.77 | 94.19 | OK | |
r-release-macos-arm64 | 1.3.0 | 51.00 | OK | |||
r-release-macos-x86_64 | 1.3.0 | 125.00 | OK | |||
r-release-windows-x86_64 | 1.3.0 | 11.00 | 128.00 | 139.00 | OK | |
r-oldrel-macos-arm64 | 1.3.0 | 47.00 | NOTE | |||
r-oldrel-macos-x86_64 | 1.3.0 | 73.00 | NOTE | |||
r-oldrel-windows-x86_64 | 1.3.0 | 13.00 | 122.00 | 135.00 | NOTE |
Version: 1.3.0
Check: CRAN incoming feasibility
Result: NOTE
Maintainer: ‘Oyvind Langsrud <oyl@ssb.no>’
No Authors@R field in DESCRIPTION.
Please add one, modifying
Authors@R: c(person(given = "Øyvind",
family = "Langsrud",
role = "aut"),
person(given = "Oyvind",
family = "Langsrud",
role = "cre",
email = "oyl@ssb.no"))
as necessary.
Flavors: r-devel-linux-x86_64-debian-clang, r-devel-linux-x86_64-debian-gcc
Version: 1.3.0
Check: package dependencies
Result: NOTE
Package suggested but not available for checking: ‘ReGenesees’
Flavors: r-oldrel-macos-arm64, r-oldrel-macos-x86_64, r-oldrel-windows-x86_64