CRAN Package Check Results for Package CVThresh

Last updated on 2025-04-30 12:49:01 CEST.

Flavor Version Tinstall Tcheck Ttotal Status Flags
r-devel-linux-x86_64-debian-clang 1.1.2 2.71 26.51 29.22 NOTE
r-devel-linux-x86_64-debian-gcc 1.1.2 2.08 20.62 22.70 NOTE
r-devel-linux-x86_64-fedora-clang 1.1.2 43.76 OK
r-devel-linux-x86_64-fedora-gcc 1.1.2 42.34 OK
r-devel-windows-x86_64 1.1.2 3.00 50.00 53.00 OK
r-patched-linux-x86_64 1.1.2 2.73 24.67 27.40 OK
r-release-linux-x86_64 1.1.2 2.00 25.00 27.00 OK
r-release-macos-arm64 1.1.2 18.00 OK
r-release-macos-x86_64 1.1.2 29.00 OK
r-release-windows-x86_64 1.1.2 3.00 54.00 57.00 OK
r-oldrel-macos-arm64 1.1.2 19.00 OK
r-oldrel-macos-x86_64 1.1.2 26.00 OK
r-oldrel-windows-x86_64 1.1.2 4.00 53.00 57.00 OK

Check Details

Version: 1.1.2
Check: CRAN incoming feasibility
Result: NOTE Maintainer: ‘Donghoh Kim <donghoh.kim@gmail.com>’ No Authors@R field in DESCRIPTION. Please add one, modifying Authors@R: c(person(given = "Donghoh", family = "Kim", role = c("aut", "cre"), email = "donghoh.kim@gmail.com"), person(given = "Hee-Seok", family = "Oh", role = "aut", email = "heeseok@stats.snu.ac.kr")) as necessary. Flavors: r-devel-linux-x86_64-debian-clang, r-devel-linux-x86_64-debian-gcc