Last updated on 2025-02-01 12:48:24 CET.
Flavor | Version | Tinstall | Tcheck | Ttotal | Status | Flags |
---|---|---|---|---|---|---|
r-devel-linux-x86_64-debian-clang | 1.0.2 | 5.06 | 30.25 | 35.31 | OK | |
r-devel-linux-x86_64-debian-gcc | 1.0.2 | 3.10 | 22.51 | 25.61 | OK | |
r-devel-linux-x86_64-fedora-clang | 1.0.2 | 59.78 | OK | |||
r-devel-linux-x86_64-fedora-gcc | 1.0.2 | 52.30 | OK | |||
r-devel-windows-x86_64 | 1.0.2 | 8.00 | 57.00 | 65.00 | OK | |
r-patched-linux-x86_64 | 1.0.2 | 4.98 | 28.08 | 33.06 | NOTE | |
r-release-linux-x86_64 | 1.0.2 | 4.19 | 28.18 | 32.37 | NOTE | |
r-release-macos-arm64 | 1.0.2 | 18.00 | NOTE | |||
r-release-macos-x86_64 | 1.0.2 | 30.00 | NOTE | |||
r-release-windows-x86_64 | 1.0.2 | 6.00 | 56.00 | 62.00 | NOTE | |
r-oldrel-macos-arm64 | 1.0.2 | 22.00 | NOTE | |||
r-oldrel-macos-x86_64 | 1.0.2 | 29.00 | NOTE | |||
r-oldrel-windows-x86_64 | 1.0.2 | 9.00 | 62.00 | 71.00 | NOTE |
Version: 1.0.2
Check: package dependencies
Result: NOTE
Package which this enhances but not available for checking: ‘RGtk2’
Flavors: r-patched-linux-x86_64, r-release-linux-x86_64, r-release-macos-arm64, r-release-macos-x86_64, r-release-windows-x86_64, r-oldrel-macos-arm64, r-oldrel-macos-x86_64, r-oldrel-windows-x86_64