CRAN Package Check Results for Package CTShiny

Last updated on 2025-02-01 12:48:24 CET.

Flavor Version Tinstall Tcheck Ttotal Status Flags
r-devel-linux-x86_64-debian-clang 0.1.0 1.87 15.92 17.79 OK
r-devel-linux-x86_64-debian-gcc 0.1.0 1.58 13.63 15.21 OK
r-devel-linux-x86_64-fedora-clang 0.1.0 31.25 NOTE
r-devel-linux-x86_64-fedora-gcc 0.1.0 29.35 NOTE
r-devel-windows-x86_64 0.1.0 3.00 38.00 41.00 OK
r-patched-linux-x86_64 0.1.0 1.88 15.35 17.23 NOTE
r-release-linux-x86_64 0.1.0 1.79 15.52 17.31 NOTE
r-release-macos-arm64 0.1.0 14.00 NOTE
r-release-macos-x86_64 0.1.0 20.00 NOTE
r-release-windows-x86_64 0.1.0 4.00 38.00 42.00 NOTE
r-oldrel-macos-arm64 0.1.0 17.00 NOTE
r-oldrel-macos-x86_64 0.1.0 19.00 NOTE
r-oldrel-windows-x86_64 0.1.0 4.00 40.00 44.00 NOTE

Check Details

Version: 0.1.0
Check: dependencies in R code
Result: NOTE Namespaces in Imports field not imported from: ‘caret’ ‘datasets’ ‘dplyr’ ‘e1071’ ‘party’ ‘rhandsontable’ ‘rpart’ ‘rpart.plot’ ‘shiny’ All declared Imports should be used. Flavors: r-devel-linux-x86_64-fedora-clang, r-devel-linux-x86_64-fedora-gcc

Version: 0.1.0
Check: LazyData
Result: NOTE 'LazyData' is specified without a 'data' directory Flavors: r-patched-linux-x86_64, r-release-linux-x86_64, r-release-macos-arm64, r-release-macos-x86_64, r-release-windows-x86_64, r-oldrel-macos-arm64, r-oldrel-macos-x86_64, r-oldrel-windows-x86_64