CRAN Package Check Results for Package CTP

Last updated on 2022-09-28 12:55:15 CEST.

Flavor Version Tinstall Tcheck Ttotal Status Flags
r-devel-linux-x86_64-debian-clang 3.0.1 18.48 160.04 178.52 OK
r-devel-linux-x86_64-debian-gcc 3.0.1 13.69 118.71 132.40 OK
r-devel-linux-x86_64-fedora-clang 3.0.1 229.06 NOTE
r-devel-linux-x86_64-fedora-gcc 3.0.1 212.34 NOTE
r-devel-windows-x86_64 3.0.1 25.00 184.00 209.00 OK
r-patched-linux-x86_64 3.0.1 16.89 148.63 165.52 OK
r-release-linux-x86_64 3.0.1 12.80 150.04 162.84 OK
r-release-macos-arm64 3.0.1 57.00 NOTE
r-release-macos-x86_64 3.0.1 101.00 NOTE
r-release-windows-x86_64 3.0.1 28.00 175.00 203.00 OK
r-oldrel-macos-arm64 3.0.1 73.00 NOTE
r-oldrel-macos-x86_64 3.0.1 100.00 NOTE
r-oldrel-windows-ix86+x86_64 3.0.1 37.00 180.00 217.00 OK

Check Details

Version: 3.0.1
Check: dependencies in R code
Result: NOTE
    Namespace in Imports field not imported from: ‘MASS’
     All declared Imports should be used.
Flavors: r-devel-linux-x86_64-fedora-clang, r-devel-linux-x86_64-fedora-gcc, r-release-macos-arm64, r-release-macos-x86_64, r-oldrel-macos-arm64, r-oldrel-macos-x86_64