Last updated on 2023-09-29 12:56:55 CEST.
Flavor | Version | Tinstall | Tcheck | Ttotal | Status | Flags |
---|---|---|---|---|---|---|
r-devel-linux-x86_64-debian-clang | 0.3.0 | 20.42 | 438.29 | 458.71 | OK | |
r-devel-linux-x86_64-debian-gcc | 0.3.0 | 15.15 | 303.57 | 318.72 | OK | |
r-devel-linux-x86_64-fedora-clang | 0.3.0 | 229.46 | NOTE | |||
r-devel-linux-x86_64-fedora-gcc | 0.3.0 | 230.29 | NOTE | |||
r-devel-windows-x86_64 | 0.3.0 | 15.00 | 305.00 | 320.00 | OK | |
r-patched-linux-x86_64 | 0.3.0 | 17.83 | 399.17 | 417.00 | OK | |
r-release-linux-x86_64 | 0.3.0 | 16.26 | 401.67 | 417.93 | OK | |
r-release-macos-arm64 | 0.3.0 | 115.00 | NOTE | |||
r-release-macos-x86_64 | 0.3.0 | 229.00 | NOTE | |||
r-release-windows-x86_64 | 0.3.0 | 22.00 | 379.00 | 401.00 | OK | |
r-oldrel-macos-arm64 | 0.3.0 | 133.00 | OK | |||
r-oldrel-macos-x86_64 | 0.3.0 | 215.00 | OK | |||
r-oldrel-windows-x86_64 | 0.3.0 | 22.00 | 370.00 | 392.00 | OK |
Version: 0.3.0
Check: package dependencies
Result: NOTE
Packages suggested but not available for checking: 'conos', 'pagoda2'
Flavors: r-devel-linux-x86_64-fedora-clang, r-devel-linux-x86_64-fedora-gcc
Version: 0.3.0
Check: package dependencies
Result: NOTE
Package suggested but not available for checking: ‘rhdf5’
Flavors: r-release-macos-arm64, r-release-macos-x86_64