Last updated on 2024-04-18 21:56:47 CEST.
Flavor | Version | Tinstall | Tcheck | Ttotal | Status | Flags |
---|---|---|---|---|---|---|
r-devel-linux-x86_64-debian-clang | 1.2.4 | 4.07 | 24.84 | 28.91 | OK | |
r-devel-linux-x86_64-debian-gcc | 1.2.4 | 2.60 | 18.81 | 21.41 | OK | |
r-devel-linux-x86_64-fedora-clang | 1.2.4 | 35.28 | NOTE | |||
r-devel-linux-x86_64-fedora-gcc | 1.2.4 | 34.37 | NOTE | |||
r-prerel-macos-arm64 | 1.2.4 | 17.00 | OK | |||
r-prerel-windows-x86_64 | 1.2.4 | 5.00 | 39.00 | 44.00 | OK | |
r-patched-linux-x86_64 | 1.2.4 | 3.90 | 23.94 | 27.84 | OK | |
r-release-linux-x86_64 | 1.2.4 | 3.17 | 23.59 | 26.76 | OK | |
r-release-macos-arm64 | 1.2.4 | 19.00 | OK | |||
r-release-macos-x86_64 | 1.2.4 | 24.00 | OK | |||
r-release-windows-x86_64 | 1.2.4 | 7.00 | 38.00 | 45.00 | OK | |
r-oldrel-macos-arm64 | 1.2.4 | 16.00 | OK | |||
r-oldrel-windows-x86_64 | 1.2.4 | 9.00 | 47.00 | 56.00 | OK |
Version: 1.2.4
Check: top-level files
Result: NOTE
‘cleanup’: /bin/bash is not portable
Flavors: r-devel-linux-x86_64-fedora-clang, r-devel-linux-x86_64-fedora-gcc