CRAN Package Check Results for Package CPP

Last updated on 2022-06-26 21:53:49 CEST.

Flavor Version Tinstall Tcheck Ttotal Status Flags
r-devel-linux-x86_64-debian-clang 0.1.0 8.86 80.97 89.83 NOTE
r-devel-linux-x86_64-debian-gcc 0.1.0 6.55 60.98 67.53 NOTE
r-devel-linux-x86_64-fedora-clang 0.1.0 117.01 NOTE
r-devel-linux-x86_64-fedora-gcc 0.1.0 116.61 NOTE
r-devel-windows-x86_64 0.1.0 23.00 101.00 124.00 NOTE
r-patched-linux-x86_64 0.1.0 6.32 78.11 84.43 NOTE
r-release-linux-x86_64 0.1.0 7.36 79.28 86.64 NOTE
r-release-macos-arm64 0.1.0 28.00 NOTE
r-release-macos-x86_64 0.1.0 43.00 NOTE
r-release-windows-x86_64 0.1.0 19.00 100.00 119.00 NOTE
r-oldrel-macos-arm64 0.1.0 37.00 NOTE
r-oldrel-macos-x86_64 0.1.0 62.00 NOTE
r-oldrel-windows-ix86+x86_64 0.1.0 16.00 102.00 118.00 NOTE

Check Details

Version: 0.1.0
Check: LazyData
Result: NOTE
     'LazyData' is specified without a 'data' directory
Flavors: r-devel-linux-x86_64-debian-clang, r-devel-linux-x86_64-debian-gcc, r-devel-linux-x86_64-fedora-clang, r-devel-linux-x86_64-fedora-gcc, r-devel-windows-x86_64, r-patched-linux-x86_64, r-release-linux-x86_64, r-release-macos-arm64, r-release-macos-x86_64, r-release-windows-x86_64, r-oldrel-macos-arm64, r-oldrel-macos-x86_64, r-oldrel-windows-ix86+x86_64