CRAN Package Check Results for Package COVID19

Last updated on 2021-09-21 12:53:16 CEST.

Flavor Version Tinstall Tcheck Ttotal Status Flags
r-devel-linux-x86_64-debian-clang 2.3.2 3.87 41.69 45.56 NOTE
r-devel-linux-x86_64-debian-gcc 2.3.2 2.83 31.52 34.35 NOTE
r-devel-linux-x86_64-fedora-clang 2.3.2 64.43 NOTE
r-devel-linux-x86_64-fedora-gcc 2.3.2 50.85 NOTE
r-devel-windows-x86_64 2.3.2 5.00 45.00 50.00 NOTE
r-devel-windows-x86_64-gcc10-UCRT 2.3.2 ERROR
r-patched-linux-x86_64 2.3.2 2.59 39.10 41.69 NOTE
r-patched-solaris-x86 2.3.2 77.10 NOTE
r-release-linux-x86_64 2.3.2 2.91 38.67 41.58 NOTE
r-release-macos-arm64 2.3.2 NOTE
r-release-macos-x86_64 2.3.2 NOTE
r-release-windows-ix86+x86_64 2.3.2 10.00 57.00 67.00 NOTE
r-oldrel-macos-x86_64 2.3.2 OK
r-oldrel-windows-ix86+x86_64 2.3.2 13.00 43.00 56.00 OK

Check Details

Version: 2.3.2
Check: LazyData
Result: NOTE
     'LazyData' is specified without a 'data' directory
Flavors: r-devel-linux-x86_64-debian-clang, r-devel-linux-x86_64-debian-gcc, r-devel-linux-x86_64-fedora-clang, r-devel-linux-x86_64-fedora-gcc, r-devel-windows-x86_64, r-devel-windows-x86_64-gcc10-UCRT, r-patched-linux-x86_64, r-patched-solaris-x86, r-release-linux-x86_64, r-release-macos-arm64, r-release-macos-x86_64, r-release-windows-ix86+x86_64

Version: 2.3.2
Check: whether package can be installed
Result: WARN
    Found the following significant warnings:
     WARNING: installation-time patches will not be applied, could not get the patches index
Flavor: r-devel-windows-x86_64-gcc10-UCRT

Version: 2.3.2
Check: PDF version of manual
Result: WARN
    LaTeX errors when creating PDF version.
    This typically indicates Rd problems.
Flavor: r-devel-windows-x86_64-gcc10-UCRT

Version: 2.3.2
Check: PDF version of manual without hyperrefs or index
Result: ERROR
    Re-running with no redirection of stdout/stderr.
Flavor: r-devel-windows-x86_64-gcc10-UCRT