CRAN Package Check Results for Package CORElearn

Last updated on 2020-05-26 03:48:16 CEST.

Flavor Version Tinstall Tcheck Ttotal Status Flags
r-devel-linux-x86_64-debian-clang 1.54.2 61.03 47.89 108.92 OK
r-devel-linux-x86_64-debian-gcc 1.54.2 42.96 36.59 79.55 OK
r-devel-linux-x86_64-fedora-clang 1.54.2 149.72 NOTE
r-devel-linux-x86_64-fedora-gcc 1.54.2 122.22 NOTE
r-devel-windows-ix86+x86_64 1.54.2 154.00 107.00 261.00 OK
r-patched-linux-x86_64 1.54.2 43.46 48.93 92.39 OK
r-patched-solaris-x86 1.54.2 171.10 NOTE
r-release-linux-x86_64 1.54.2 44.29 47.88 92.17 OK
r-release-osx-x86_64 1.54.2 NOTE
r-release-windows-ix86+x86_64 1.54.2 129.00 110.00 239.00 OK
r-oldrel-osx-x86_64 1.54.2 NOTE
r-oldrel-windows-ix86+x86_64 1.54.2 131.00 107.00 238.00 OK

Check Details

Version: 1.54.2
Check: installed package size
Result: NOTE
     installed size is 5.3Mb
     sub-directories of 1Mb or more:
     libs 4.8Mb
Flavor: r-devel-linux-x86_64-fedora-clang

Version: 1.54.2
Check: dependencies in R code
Result: NOTE
    Namespace in Imports field not imported from: ‘rpart’
     All declared Imports should be used.
Flavors: r-devel-linux-x86_64-fedora-clang, r-devel-linux-x86_64-fedora-gcc, r-patched-solaris-x86, r-release-osx-x86_64, r-oldrel-osx-x86_64