CRAN Package Check Results for Package CNVRG

Last updated on 2022-05-24 21:51:38 CEST.

Flavor Version Tinstall Tcheck Ttotal Status Flags
r-devel-linux-x86_64-debian-clang 1.0.0 129.74 152.18 281.92 NOTE
r-devel-linux-x86_64-debian-gcc 1.0.0 115.12 118.95 234.07 NOTE
r-devel-linux-x86_64-fedora-clang 1.0.0 374.19 NOTE
r-devel-linux-x86_64-fedora-gcc 1.0.0 405.90 NOTE
r-devel-windows-x86_64 1.0.0 104.00 192.00 296.00 NOTE
r-patched-linux-x86_64 1.0.0 97.05 153.86 250.91 NOTE
r-release-linux-x86_64 1.0.0 NOTE
r-release-macos-arm64 1.0.0 98.00 NOTE
r-release-macos-x86_64 1.0.0 204.00 NOTE
r-release-windows-x86_64 1.0.0 101.00 195.00 296.00 NOTE
r-oldrel-macos-arm64 1.0.0 141.00 NOTE
r-oldrel-macos-x86_64 1.0.0 124.00 NOTE
r-oldrel-windows-ix86+x86_64 1.0.0 307.00 248.00 555.00 NOTE

Check Details

Version: 1.0.0
Check: for GNU extensions in Makefiles
Result: NOTE
    GNU make is a SystemRequirements.
Flavors: r-devel-linux-x86_64-debian-clang, r-devel-linux-x86_64-debian-gcc, r-devel-linux-x86_64-fedora-clang, r-devel-linux-x86_64-fedora-gcc, r-devel-windows-x86_64, r-patched-linux-x86_64, r-release-linux-x86_64, r-release-macos-arm64, r-release-macos-x86_64, r-release-windows-x86_64, r-oldrel-macos-arm64, r-oldrel-macos-x86_64, r-oldrel-windows-ix86+x86_64

Version: 1.0.0
Check: installed package size
Result: NOTE
     installed size is 22.4Mb
     sub-directories of 1Mb or more:
     libs 22.1Mb
Flavors: r-devel-linux-x86_64-fedora-clang, r-release-macos-arm64, r-release-macos-x86_64, r-oldrel-macos-arm64, r-oldrel-macos-x86_64

Version: 1.0.0
Check: dependencies in R code
Result: NOTE
    Namespace in Imports field not imported from: ‘rstantools’
     All declared Imports should be used.
Flavors: r-devel-linux-x86_64-fedora-clang, r-devel-linux-x86_64-fedora-gcc, r-release-macos-arm64, r-release-macos-x86_64, r-oldrel-macos-arm64, r-oldrel-macos-x86_64