Last updated on 2023-03-31 21:52:59 CEST.
Flavor | Version | Tinstall | Tcheck | Ttotal | Status | Flags |
---|---|---|---|---|---|---|
r-devel-linux-x86_64-debian-clang | 0.2.3 | 54.17 | 82.30 | 136.47 | NOTE | |
r-devel-linux-x86_64-debian-gcc | 0.2.3 | 46.18 | 65.15 | 111.33 | NOTE | |
r-devel-linux-x86_64-fedora-clang | 0.2.3 | 180.21 | NOTE | |||
r-devel-linux-x86_64-fedora-gcc | 0.2.3 | 179.93 | NOTE | |||
r-devel-windows-x86_64 | 0.2.3 | 55.00 | 0.00 | 55.00 | NOTE | |
r-patched-linux-x86_64 | 0.2.3 | 51.93 | 83.83 | 135.76 | NOTE | |
r-release-linux-x86_64 | 0.2.3 | 51.31 | 81.61 | 132.92 | NOTE | |
r-release-macos-arm64 | 0.2.3 | 48.00 | NOTE | |||
r-release-macos-x86_64 | 0.2.3 | 66.00 | NOTE | |||
r-release-windows-x86_64 | 0.2.3 | 46.00 | 137.00 | 183.00 | NOTE | |
r-oldrel-macos-arm64 | 0.2.3 | 53.00 | NOTE | |||
r-oldrel-macos-x86_64 | 0.2.3 | 99.00 | NOTE | |||
r-oldrel-windows-ix86+x86_64 | 0.2.3 | 112.00 | 164.00 | 276.00 | NOTE |
Version: 0.2.3
Check: LazyData
Result: NOTE
'LazyData' is specified without a 'data' directory
Flavors: r-devel-linux-x86_64-debian-clang, r-devel-linux-x86_64-debian-gcc, r-devel-linux-x86_64-fedora-clang, r-devel-linux-x86_64-fedora-gcc, r-devel-windows-x86_64, r-patched-linux-x86_64, r-release-linux-x86_64, r-release-macos-arm64, r-release-macos-x86_64, r-release-windows-x86_64, r-oldrel-macos-arm64, r-oldrel-macos-x86_64, r-oldrel-windows-ix86+x86_64
Version: 0.2.3
Check: installed package size
Result: NOTE
installed size is 14.6Mb
sub-directories of 1Mb or more:
libs 14.3Mb
Flavors: r-release-macos-arm64, r-release-macos-x86_64, r-oldrel-macos-arm64, r-oldrel-macos-x86_64