Last updated on 2023-03-23 03:53:15 CET.
Flavor | Version | Tinstall | Tcheck | Ttotal | Status | Flags |
---|---|---|---|---|---|---|
r-devel-linux-x86_64-debian-clang | 1.0 | 8.22 | 67.07 | 75.29 | NOTE | |
r-devel-linux-x86_64-debian-gcc | 1.0 | 6.66 | 52.87 | 59.53 | NOTE | |
r-devel-linux-x86_64-fedora-clang | 1.0 | 95.08 | NOTE | |||
r-devel-linux-x86_64-fedora-gcc | 1.0 | 93.72 | NOTE | |||
r-devel-windows-x86_64 | 1.0 | 14.00 | 93.00 | 107.00 | NOTE | |
r-patched-linux-x86_64 | 1.0 | 5.80 | 64.02 | 69.82 | NOTE | |
r-release-linux-x86_64 | 1.0 | 8.05 | 63.69 | 71.74 | NOTE | |
r-release-macos-arm64 | 1.0 | 28.00 | NOTE | |||
r-release-macos-x86_64 | 1.0 | 40.00 | NOTE | |||
r-release-windows-x86_64 | 1.0 | 10.00 | 100.00 | 110.00 | NOTE | |
r-oldrel-macos-arm64 | 1.0 | 35.00 | NOTE | |||
r-oldrel-macos-x86_64 | 1.0 | 44.00 | NOTE | |||
r-oldrel-windows-ix86+x86_64 | 1.0 | 18.00 | 90.00 | 108.00 | OK |
Version: 1.0
Check: package dependencies
Result: NOTE
Package suggested but not available for checking: ‘userfriendlyscience’
Flavors: r-devel-linux-x86_64-debian-clang, r-devel-linux-x86_64-debian-gcc, r-devel-linux-x86_64-fedora-clang, r-devel-linux-x86_64-fedora-gcc, r-devel-windows-x86_64, r-patched-linux-x86_64, r-release-linux-x86_64, r-release-macos-arm64, r-release-macos-x86_64, r-release-windows-x86_64, r-oldrel-macos-arm64, r-oldrel-macos-x86_64