CRAN Package Check Results for Package CIS.DGLM

Last updated on 2023-11-29 05:52:12 CET.

Flavor Version Tinstall Tcheck Ttotal Status Flags
r-devel-linux-x86_64-debian-clang 0.1.0 5.09 72.45 77.54 OK
r-devel-linux-x86_64-debian-gcc 0.1.0 3.83 53.65 57.48 OK
r-devel-linux-x86_64-fedora-clang 0.1.0 95.67 NOTE
r-devel-linux-x86_64-fedora-gcc 0.1.0 97.71 NOTE
r-devel-windows-x86_64 0.1.0 7.00 83.00 90.00 OK
r-patched-linux-x86_64 0.1.0 4.75 69.34 74.09 OK
r-release-linux-x86_64 0.1.0 5.22 69.02 74.24 OK
r-release-macos-arm64 0.1.0 31.00 OK
r-release-macos-x86_64 0.1.0 48.00 OK
r-release-windows-x86_64 0.1.0 6.00 84.00 90.00 OK
r-oldrel-macos-arm64 0.1.0 27.00 NOTE
r-oldrel-macos-x86_64 0.1.0 54.00 NOTE
r-oldrel-windows-x86_64 0.1.0 8.00 103.00 111.00 OK

Check Details

Version: 0.1.0
Check: dependencies in R code
Result: NOTE Namespace in Imports field not imported from: ‘RColorBrewer’ All declared Imports should be used. Flavors: r-devel-linux-x86_64-fedora-clang, r-devel-linux-x86_64-fedora-gcc, r-oldrel-macos-arm64, r-oldrel-macos-x86_64