CRAN Package Check Results for Package CIAAWconsensus

Last updated on 2024-06-15 12:48:16 CEST.

Flavor Version Tinstall Tcheck Ttotal Status Flags
r-devel-linux-x86_64-debian-clang 1.3 2.75 35.67 38.42 OK
r-devel-linux-x86_64-debian-gcc 1.3 2.15 27.01 29.16 OK
r-devel-linux-x86_64-fedora-clang 1.3 47.73 NOTE
r-devel-linux-x86_64-fedora-gcc 1.3 44.77 NOTE
r-devel-windows-x86_64 1.3 3.00 59.00 62.00 OK
r-patched-linux-x86_64 1.3 2.59 34.34 36.93 OK
r-release-linux-x86_64 1.3 2.72 33.66 36.38 OK
r-release-macos-arm64 1.3 18.00 OK
r-release-macos-x86_64 1.3 27.00 OK
r-release-windows-x86_64 1.3 3.00 59.00 62.00 OK
r-oldrel-macos-arm64 1.3 27.00 OK
r-oldrel-macos-x86_64 1.3 28.00 OK
r-oldrel-windows-x86_64 1.3 4.00 57.00 61.00 OK

Check Details

Version: 1.3
Check: dependencies in R code
Result: NOTE Namespaces in Imports field not imported from: ‘Matrix’ ‘stringr’ All declared Imports should be used. Flavors: r-devel-linux-x86_64-fedora-clang, r-devel-linux-x86_64-fedora-gcc