Last updated on 2023-09-23 21:52:42 CEST.
Flavor | Version | Tinstall | Tcheck | Ttotal | Status | Flags |
---|---|---|---|---|---|---|
r-devel-linux-x86_64-debian-clang | 1.3 | 2.85 | 33.89 | 36.74 | OK | |
r-devel-linux-x86_64-debian-gcc | 1.3 | 2.26 | 28.43 | 30.69 | OK | |
r-devel-linux-x86_64-fedora-clang | 1.3 | 46.45 | NOTE | |||
r-devel-linux-x86_64-fedora-gcc | 1.3 | 44.15 | NOTE | |||
r-devel-windows-x86_64 | 1.3 | 3.00 | 55.00 | 58.00 | OK | |
r-patched-linux-x86_64 | 1.3 | 3.25 | 33.62 | 36.87 | OK | |
r-release-linux-x86_64 | 1.3 | 2.49 | 33.44 | 35.93 | OK | |
r-release-macos-arm64 | 1.3 | 27.00 | OK | |||
r-release-macos-x86_64 | 1.3 | 28.00 | OK | |||
r-release-windows-x86_64 | 1.3 | 4.00 | 54.00 | 58.00 | OK | |
r-oldrel-macos-arm64 | 1.3 | 20.00 | NOTE | |||
r-oldrel-macos-x86_64 | 1.3 | 27.00 | NOTE | |||
r-oldrel-windows-x86_64 | 1.3 | 5.00 | 56.00 | 61.00 | OK |
Version: 1.3
Check: dependencies in R code
Result: NOTE
Namespaces in Imports field not imported from:
‘Matrix’ ‘stringr’
All declared Imports should be used.
Flavors: r-devel-linux-x86_64-fedora-clang, r-devel-linux-x86_64-fedora-gcc, r-oldrel-macos-arm64, r-oldrel-macos-x86_64