Last updated on 2024-04-26 11:52:34 CEST.
Flavor | Version | Tinstall | Tcheck | Ttotal | Status | Flags |
---|---|---|---|---|---|---|
r-devel-linux-x86_64-debian-clang | 2.1.0 | 25.30 | 405.51 | 430.81 | OK | |
r-devel-linux-x86_64-debian-gcc | 2.1.0 | 16.55 | 286.70 | 303.25 | OK | |
r-devel-linux-x86_64-fedora-clang | 2.1.0 | 517.79 | NOTE | |||
r-devel-linux-x86_64-fedora-gcc | 2.1.0 | 490.48 | OK | |||
r-devel-windows-x86_64 | 2.1.0 | 22.00 | 455.00 | 477.00 | OK | |
r-patched-linux-x86_64 | 2.1.0 | 25.62 | 372.54 | 398.16 | OK | |
r-release-linux-x86_64 | 2.1.0 | 21.02 | 374.97 | 395.99 | OK | |
r-release-macos-arm64 | 2.1.0 | 154.00 | NOTE | |||
r-release-macos-x86_64 | 2.1.0 | 608.00 | OK | |||
r-release-windows-x86_64 | 2.1.0 | 21.00 | 455.00 | 476.00 | OK | |
r-oldrel-macos-arm64 | 2.1.0 | 179.00 | OK | |||
r-oldrel-macos-x86_64 | 2.1.0 | 618.00 | OK | |||
r-oldrel-windows-x86_64 | 2.1.0 | 23.00 | 541.00 | 564.00 | OK |
Version: 2.1.0
Check: installed package size
Result: NOTE
installed size is 6.8Mb
sub-directories of 1Mb or more:
doc 2.1Mb
libs 2.0Mb
Flavors: r-devel-linux-x86_64-fedora-clang, r-release-macos-arm64