Last updated on 2023-12-10 12:50:43 CET.
Flavor | Version | Tinstall | Tcheck | Ttotal | Status | Flags |
---|---|---|---|---|---|---|
r-devel-linux-x86_64-debian-clang | 1.2.0 | 9.79 | 293.19 | 302.98 | NOTE | |
r-devel-linux-x86_64-debian-gcc | 1.2.0 | 9.84 | 221.03 | 230.87 | NOTE | |
r-devel-linux-x86_64-fedora-clang | 1.2.0 | 371.87 | NOTE | |||
r-devel-linux-x86_64-fedora-gcc | 1.2.0 | 407.04 | NOTE | |||
r-devel-windows-x86_64 | 1.2.0 | 11.00 | 182.00 | 193.00 | NOTE | |
r-patched-linux-x86_64 | 1.2.0 | 8.56 | 289.91 | 298.47 | NOTE | |
r-release-linux-x86_64 | 1.2.0 | 7.50 | 283.72 | 291.22 | NOTE | |
r-release-macos-arm64 | 1.2.0 | 124.00 | NOTE | |||
r-release-macos-x86_64 | 1.2.0 | 214.00 | NOTE | |||
r-release-windows-x86_64 | 1.2.0 | 14.00 | 234.00 | 248.00 | NOTE | |
r-oldrel-macos-arm64 | 1.2.0 | 161.00 | NOTE | |||
r-oldrel-macos-x86_64 | 1.1.4 | 124.00 | NOTE | |||
r-oldrel-windows-x86_64 | 1.2.0 | 16.00 | 236.00 | 252.00 | NOTE |
Version: 1.2.0
Check: package dependencies
Result: NOTE
Packages which this enhances but not available for checking:
'CirceR', 'Capr'
Flavors: r-devel-linux-x86_64-debian-clang, r-devel-linux-x86_64-debian-gcc, r-devel-linux-x86_64-fedora-clang, r-devel-linux-x86_64-fedora-gcc, r-devel-windows-x86_64, r-patched-linux-x86_64, r-release-linux-x86_64, r-release-macos-arm64, r-release-macos-x86_64, r-release-windows-x86_64, r-oldrel-macos-arm64, r-oldrel-windows-x86_64
Version: 1.1.4
Check: package dependencies
Result: NOTE
Packages which this enhances but not available for checking:
'CirceR', 'Capr'
Flavor: r-oldrel-macos-x86_64