Last updated on 2023-03-27 12:54:17 CEST.
Flavor | Version | Tinstall | Tcheck | Ttotal | Status | Flags |
---|---|---|---|---|---|---|
r-devel-linux-x86_64-debian-clang | 1.5.2 | 14.47 | 74.27 | 88.74 | NOTE | |
r-devel-linux-x86_64-debian-gcc | 1.5.2 | 9.57 | 55.48 | 65.05 | NOTE | |
r-devel-linux-x86_64-fedora-clang | 1.5.2 | 111.90 | NOTE | |||
r-devel-linux-x86_64-fedora-gcc | 1.5.2 | 107.28 | NOTE | |||
r-devel-windows-x86_64 | 1.5.2 | 26.00 | 102.00 | 128.00 | OK | |
r-patched-linux-x86_64 | 1.5.2 | 15.79 | 71.33 | 87.12 | NOTE | |
r-release-linux-x86_64 | 1.5.2 | 19.53 | 82.23 | 101.76 | NOTE | |
r-release-macos-arm64 | 1.5.2 | 73.00 | OK | |||
r-release-macos-x86_64 | 1.5.2 | 92.00 | OK | |||
r-release-windows-x86_64 | 1.5.2 | 41.00 | 96.00 | 137.00 | OK | |
r-oldrel-macos-arm64 | 1.5.2 | 50.00 | OK | |||
r-oldrel-macos-x86_64 | 1.5.2 | 106.00 | OK | |||
r-oldrel-windows-ix86+x86_64 | 1.5.2 | 26.00 | 92.00 | 118.00 | OK |
Version: 1.5.2
Check: for non-standard things in the check directory
Result: NOTE
Found the following files/directories:
‘hotcold.csv’
Flavors: r-devel-linux-x86_64-debian-clang, r-devel-linux-x86_64-debian-gcc, r-devel-linux-x86_64-fedora-clang, r-devel-linux-x86_64-fedora-gcc, r-patched-linux-x86_64, r-release-linux-x86_64