CRAN Package Check Results for Package CCA

Last updated on 2024-06-12 21:49:38 CEST.

Flavor Version Tinstall Tcheck Ttotal Status Flags
r-devel-linux-x86_64-debian-clang 1.2.2 10.24 102.26 112.50 OK
r-devel-linux-x86_64-debian-gcc 1.2.2 0.24 1.63 1.87 ERROR
r-devel-linux-x86_64-fedora-clang 1.2.2 142.80 OK
r-devel-linux-x86_64-fedora-gcc 1.2.2 133.42 OK
r-devel-windows-x86_64 1.2.2 10.00 87.00 97.00 OK
r-patched-linux-x86_64 1.2.2 8.63 99.66 108.29 OK
r-release-linux-x86_64 1.2.2 8.65 98.90 107.55 OK
r-release-macos-arm64 1.2.2 40.00 OK
r-release-macos-x86_64 1.2.2 59.00 OK
r-release-windows-x86_64 1.2.2 11.00 89.00 100.00 OK
r-oldrel-macos-arm64 1.2.2 45.00 OK
r-oldrel-macos-x86_64 1.2.2 86.00 OK
r-oldrel-windows-x86_64 1.2.2 13.00 101.00 114.00 OK

Check Details

Version: 1.2.2
Check: package dependencies
Result: ERROR Package required but not available: ‘fda’ See section ‘The DESCRIPTION file’ in the ‘Writing R Extensions’ manual. Flavor: r-devel-linux-x86_64-debian-gcc