CRAN Package Check Results for Package CBDA

Last updated on 2020-06-03 06:48:25 CEST.

Flavor Version Tinstall Tcheck Ttotal Status Flags
r-devel-linux-x86_64-debian-clang 1.0.0 5.05 271.95 277.00 OK
r-devel-linux-x86_64-debian-gcc 1.0.0 3.97 234.74 238.71 OK
r-devel-linux-x86_64-fedora-clang 1.0.0 360.71 NOTE
r-devel-linux-x86_64-fedora-gcc 1.0.0 353.22 NOTE
r-devel-windows-ix86+x86_64 1.0.0 11.00 250.00 261.00 OK
r-patched-linux-x86_64 1.0.0 5.00 262.96 267.96 OK
r-patched-solaris-x86 1.0.0 659.10 NOTE
r-release-linux-x86_64 1.0.0 5.02 280.01 285.03 OK
r-release-osx-x86_64 1.0.0 NOTE
r-release-windows-ix86+x86_64 1.0.0 8.00 243.00 251.00 OK
r-oldrel-osx-x86_64 1.0.0 NOTE
r-oldrel-windows-ix86+x86_64 1.0.0 8.00 255.00 263.00 OK

Check Details

Version: 1.0.0
Check: dependencies in R code
Result: NOTE
    Namespace in Imports field not imported from: ‘prettydoc’
     All declared Imports should be used.
Flavors: r-devel-linux-x86_64-fedora-clang, r-devel-linux-x86_64-fedora-gcc, r-patched-solaris-x86, r-release-osx-x86_64, r-oldrel-osx-x86_64