CRAN Package Check Results for Package CARlasso

Last updated on 2022-01-20 20:50:29 CET.

Flavor Version Tinstall Tcheck Ttotal Status Flags
r-devel-linux-x86_64-debian-clang 0.1.2 OK
r-devel-linux-x86_64-debian-gcc 0.1.2 233.80 92.18 325.98 OK
r-devel-linux-x86_64-fedora-clang 0.1.2 659.99 NOTE
r-devel-linux-x86_64-fedora-gcc 0.1.2 573.22 OK
r-devel-windows-x86_64-new-UL 0.1.2 254.00 164.00 418.00 OK
r-devel-windows-x86_64-new-TK 0.1.2 OK
r-patched-linux-x86_64 0.1.2 199.20 117.89 317.09 OK
r-release-linux-x86_64 0.1.2 204.25 119.22 323.47 OK
r-release-macos-arm64 0.1.2 NOTE
r-release-macos-x86_64 0.1.2 NOTE
r-release-windows-ix86+x86_64 0.1.2 748.00 200.00 948.00 OK
r-oldrel-macos-x86_64 0.1.2 NOTE
r-oldrel-windows-ix86+x86_64 0.1.2 753.00 203.00 956.00 OK

Check Details

Version: 0.1.2
Check: installed package size
Result: NOTE
     installed size is 13.8Mb
     sub-directories of 1Mb or more:
     libs 13.5Mb
Flavors: r-devel-linux-x86_64-fedora-clang, r-release-macos-arm64, r-release-macos-x86_64, r-oldrel-macos-x86_64