Last updated on 2025-04-30 12:48:59 CEST.
Flavor | Version | Tinstall | Tcheck | Ttotal | Status | Flags |
---|---|---|---|---|---|---|
r-devel-linux-x86_64-debian-clang | 1.0-7 | 11.10 | 115.98 | 127.08 | NOTE | |
r-devel-linux-x86_64-debian-gcc | 1.0-7 | 8.38 | 82.74 | 91.12 | NOTE | |
r-devel-linux-x86_64-fedora-clang | 1.0-7 | 196.35 | OK | |||
r-devel-linux-x86_64-fedora-gcc | 1.0-7 | 213.90 | OK | |||
r-devel-windows-x86_64 | 1.0-7 | 12.00 | 131.00 | 143.00 | OK | |
r-patched-linux-x86_64 | 1.0-7 | 11.06 | 108.79 | 119.85 | OK | |
r-release-linux-x86_64 | 1.0-7 | 10.43 | 107.01 | 117.44 | OK | |
r-release-macos-arm64 | 1.0-7 | 60.00 | OK | |||
r-release-macos-x86_64 | 1.0-7 | 115.00 | OK | |||
r-release-windows-x86_64 | 1.0-7 | 12.00 | 127.00 | 139.00 | OK | |
r-oldrel-macos-arm64 | 1.0-7 | 62.00 | OK | |||
r-oldrel-macos-x86_64 | 1.0-7 | 87.00 | OK | |||
r-oldrel-windows-x86_64 | 1.0-7 | 16.00 | 155.00 | 171.00 | OK |
Version: 1.0-7
Check: CRAN incoming feasibility
Result: NOTE
Maintainer: ‘Anoop Shah <anoop@doctors.org.uk>’
Package CITATION file contains call(s) to old-style personList() or
as.personList(). Please use c() on person objects instead.
Package CITATION file contains call(s) to old-style citEntry(). Please
use bibentry() instead.
Flavors: r-devel-linux-x86_64-debian-clang, r-devel-linux-x86_64-debian-gcc