Last updated on 2023-02-02 21:49:57 CET.
Flavor | Version | Tinstall | Tcheck | Ttotal | Status | Flags |
---|---|---|---|---|---|---|
r-devel-linux-x86_64-debian-clang | 3.0.8 | 16.76 | 122.29 | 139.05 | NOTE | |
r-devel-linux-x86_64-debian-gcc | 3.0.8 | 13.93 | 91.23 | 105.16 | NOTE | |
r-devel-linux-x86_64-fedora-clang | 3.0.8 | 173.82 | NOTE | |||
r-devel-linux-x86_64-fedora-gcc | 3.0.8 | 172.69 | NOTE | |||
r-patched-linux-x86_64 | 3.0.8 | 20.08 | 133.72 | 153.80 | NOTE | |
r-release-linux-x86_64 | 3.0.8 | 20.43 | 132.86 | 153.29 | NOTE | |
r-release-macos-arm64 | 3.0.8 | 78.00 | NOTE | |||
r-release-macos-x86_64 | 3.0.8 | 154.00 | NOTE | |||
r-release-windows-x86_64 | 3.0.8 | 84.00 | 163.00 | 247.00 | NOTE | |
r-oldrel-macos-arm64 | 3.0.8 | 121.00 | NOTE | |||
r-oldrel-macos-x86_64 | 3.0.8 | 144.00 | NOTE | |||
r-oldrel-windows-ix86+x86_64 | 3.0.8 | 32.00 | 135.00 | 167.00 | NOTE |
Version: 3.0.8
Check: LazyData
Result: NOTE
'LazyData' is specified without a 'data' directory
Flavors: r-devel-linux-x86_64-debian-clang, r-devel-linux-x86_64-debian-gcc, r-devel-linux-x86_64-fedora-clang, r-devel-linux-x86_64-fedora-gcc, r-patched-linux-x86_64, r-release-linux-x86_64, r-release-macos-arm64, r-release-macos-x86_64, r-release-windows-x86_64, r-oldrel-macos-arm64, r-oldrel-macos-x86_64, r-oldrel-windows-ix86+x86_64