CRAN Package Check Results for Package CADFtest

Last updated on 2022-01-27 21:49:53 CET.

Flavor Version Tinstall Tcheck Ttotal Status Flags
r-devel-linux-x86_64-debian-clang 0.3-3 4.42 70.74 75.16 OK
r-devel-linux-x86_64-debian-gcc 0.3-3 3.44 54.65 58.09 OK
r-devel-linux-x86_64-fedora-clang 0.3-3 92.06 OK
r-devel-linux-x86_64-fedora-gcc 0.3-3 81.89 OK
r-devel-windows-x86_64-new-UL 0.3-3 21.00 118.00 139.00 OK
r-devel-windows-x86_64-new-TK 0.3-3 ERROR
r-patched-linux-x86_64 0.3-3 4.31 66.70 71.01 OK
r-release-linux-x86_64 0.3-3 4.47 67.62 72.09 OK
r-release-macos-arm64 0.3-3 OK
r-release-macos-x86_64 0.3-3 OK
r-release-windows-ix86+x86_64 0.3-3 11.00 92.00 103.00 OK
r-oldrel-macos-x86_64 0.3-3 OK
r-oldrel-windows-ix86+x86_64 0.3-3 13.00 92.00 105.00 OK

Check Details

Version: 0.3-3
Check: package dependencies
Result: ERROR
    Package required but not available: 'dynlm'
    
    See section 'The DESCRIPTION file' in the 'Writing R Extensions'
    manual.
Flavor: r-devel-windows-x86_64-new-TK