CRAN Package Check Results for Package BrailleR

Last updated on 2022-01-26 06:50:08 CET.

Flavor Version Tinstall Tcheck Ttotal Status Flags
r-devel-linux-x86_64-debian-clang 0.32.1 24.04 255.06 279.10 OK
r-devel-linux-x86_64-debian-gcc 0.32.1 18.09 190.52 208.61 OK
r-devel-linux-x86_64-fedora-clang 0.32.1 327.93 NOTE
r-devel-linux-x86_64-fedora-gcc 0.32.1 323.07 NOTE
r-devel-windows-x86_64-new-UL 0.32.1 176.00 324.00 500.00 OK
r-devel-windows-x86_64-new-TK 0.32.1 NOTE
r-patched-linux-x86_64 0.32.1 14.75 263.68 278.43 OK
r-release-linux-x86_64 0.32.1 15.45 257.68 273.13 OK
r-release-macos-arm64 0.32.1 NOTE
r-release-macos-x86_64 0.32.1 NOTE
r-release-windows-ix86+x86_64 0.32.1 44.00 292.00 336.00 OK
r-oldrel-macos-x86_64 0.32.1 NOTE
r-oldrel-windows-ix86+x86_64 0.32.1 44.00 292.00 336.00 OK

Check Details

Version: 0.32.1
Check: dependencies in R code
Result: NOTE
    Namespace in Imports field not imported from: ‘mathjaxr’
     All declared Imports should be used.
Flavors: r-devel-linux-x86_64-fedora-clang, r-devel-linux-x86_64-fedora-gcc, r-devel-windows-x86_64-new-TK, r-release-macos-arm64, r-release-macos-x86_64, r-oldrel-macos-x86_64