CRAN Package Check Results for Package BoolNet

Last updated on 2021-03-01 12:47:29 CET.

Flavor Version Tinstall Tcheck Ttotal Status Flags
r-devel-linux-x86_64-debian-clang 2.1.5 NOTE
r-devel-linux-x86_64-debian-gcc 2.1.5 15.69 120.91 136.60 NOTE
r-devel-linux-x86_64-fedora-clang 2.1.5 234.44 NOTE
r-devel-linux-x86_64-fedora-gcc 2.1.5 287.42 NOTE
r-devel-windows-ix86+x86_64 2.1.5 54.00 167.00 221.00 OK
r-patched-linux-x86_64 2.1.5 19.91 161.10 181.01 NOTE
r-patched-solaris-x86 2.1.5 168.80 WARN
r-release-linux-x86_64 2.1.5 20.35 160.30 180.65 NOTE
r-release-macos-x86_64 2.1.5 OK
r-release-windows-ix86+x86_64 2.1.5 65.00 216.00 281.00 OK
r-oldrel-macos-x86_64 2.1.5 OK
r-oldrel-windows-ix86+x86_64 2.1.5 47.00 219.00 266.00 OK

Additional issues

clang-UBSAN

Check Details

Version: 2.1.5
Check: for non-standard things in the check directory
Result: NOTE
    Found the following files/directories:
     'attractors.tex' 'cellcycle.sbml' 'cellcycle.txt' 'pajek_export.net'
     'sequence.txt' 'testNet.bn'
Flavors: r-devel-linux-x86_64-debian-clang, r-devel-linux-x86_64-debian-gcc, r-devel-linux-x86_64-fedora-clang, r-devel-linux-x86_64-fedora-gcc, r-patched-linux-x86_64, r-patched-solaris-x86, r-release-linux-x86_64

Version: 2.1.5
Check: re-building of vignette outputs
Result: WARN
    Error(s) in re-building vignettes:
     ...
    --- re-building ‘BoolNet_package_vignette.Snw.Rnw’ using Sweave
    
    Error: processing vignette 'BoolNet_package_vignette.Snw.Rnw' failed with diagnostics:
     chunk 13
    Error in net$interactions[[idx]][[functionIndices[idx]]] :
     subscript out of bounds
    
    --- failed re-building ‘BoolNet_package_vignette.Snw.Rnw’
    
    SUMMARY: processing the following file failed:
     ‘BoolNet_package_vignette.Snw.Rnw’
    
    Error: Vignette re-building failed.
    Execution halted
Flavor: r-patched-solaris-x86