Last updated on 2025-05-11 12:50:14 CEST.
Flavor | Version | Tinstall | Tcheck | Ttotal | Status | Flags |
---|---|---|---|---|---|---|
r-devel-linux-x86_64-debian-clang | 1.0.0 | 1.79 | 17.38 | 19.17 | OK | |
r-devel-linux-x86_64-debian-gcc | 1.0.0 | 1.48 | 14.20 | 15.68 | OK | |
r-devel-linux-x86_64-fedora-clang | 1.0.0 | 30.55 | OK | |||
r-devel-linux-x86_64-fedora-gcc | 1.0.0 | 30.27 | OK | |||
r-devel-windows-x86_64 | 1.0.0 | 4.00 | 37.00 | 41.00 | OK | |
r-patched-linux-x86_64 | 1.0.0 | 1.76 | 16.82 | 18.58 | OK | |
r-release-linux-x86_64 | 1.0.0 | 1.80 | 16.88 | 18.68 | OK | |
r-release-macos-arm64 | 1.0.0 | 15.00 | OK | |||
r-release-macos-x86_64 | 1.0.0 | 23.00 | OK | |||
r-release-windows-x86_64 | 1.0.0 | 3.00 | 36.00 | 39.00 | OK | |
r-oldrel-macos-arm64 | 1.0.0 | 20.00 | NOTE | |||
r-oldrel-macos-x86_64 | 1.0.0 | 19.00 | NOTE | |||
r-oldrel-windows-x86_64 | 1.0.0 | 4.00 | 36.00 | 40.00 | NOTE |
Version: 1.0.0
Check: LazyData
Result: NOTE
'LazyData' is specified without a 'data' directory
Flavors: r-oldrel-macos-arm64, r-oldrel-macos-x86_64, r-oldrel-windows-x86_64