Last updated on 2023-03-28 12:54:35 CEST.
Flavor | Version | Tinstall | Tcheck | Ttotal | Status | Flags |
---|---|---|---|---|---|---|
r-devel-linux-x86_64-debian-clang | 2.2.1 | 6.35 | 63.78 | 70.13 | OK | |
r-devel-linux-x86_64-debian-gcc | 2.2.1 | 5.33 | 47.33 | 52.66 | OK | |
r-devel-linux-x86_64-fedora-clang | 2.2.1 | 86.33 | NOTE | |||
r-devel-linux-x86_64-fedora-gcc | 2.2.1 | 85.28 | NOTE | |||
r-devel-windows-x86_64 | 2.2.1 | 29.00 | 102.00 | 131.00 | OK | |
r-patched-linux-x86_64 | 2.2.1 | 6.25 | 59.84 | 66.09 | OK | |
r-release-linux-x86_64 | 2.2.1 | 4.07 | 59.53 | 63.60 | OK | |
r-release-macos-arm64 | 2.2.1 | 34.00 | NOTE | |||
r-release-macos-x86_64 | 2.2.1 | 38.00 | NOTE | |||
r-release-windows-x86_64 | 2.2.1 | 30.00 | 99.00 | 129.00 | OK | |
r-oldrel-macos-arm64 | 2.2.1 | 32.00 | NOTE | |||
r-oldrel-macos-x86_64 | 2.2.1 | 41.00 | NOTE | |||
r-oldrel-windows-ix86+x86_64 | 2.2.1 | 15.00 | 86.00 | 101.00 | OK |
Version: 2.2.1
Check: dependencies in R code
Result: NOTE
Namespaces in Imports field not imported from:
‘digest’ ‘ergm’ ‘foreign’ ‘gWidgets2’ ‘gWidgets2tcltk’ ‘haven’
‘plot3D’ ‘plot3Drgl’ ‘rgl’ ‘sna’ ‘statnet.common’
All declared Imports should be used.
Flavors: r-devel-linux-x86_64-fedora-clang, r-devel-linux-x86_64-fedora-gcc, r-release-macos-arm64, r-release-macos-x86_64, r-oldrel-macos-arm64, r-oldrel-macos-x86_64