Last updated on 2025-01-25 21:50:14 CET.
Flavor | Version | Tinstall | Tcheck | Ttotal | Status | Flags |
---|---|---|---|---|---|---|
r-devel-linux-x86_64-debian-clang | 1.0.3 | 12.76 | 66.90 | 79.66 | OK | |
r-devel-linux-x86_64-debian-gcc | 1.0.3 | 8.25 | 47.28 | 55.53 | OK | |
r-devel-linux-x86_64-fedora-clang | 1.0.3 | 133.55 | OK | |||
r-devel-linux-x86_64-fedora-gcc | 1.0.3 | 122.94 | OK | |||
r-devel-windows-x86_64 | 1.0.3 | 12.00 | 75.00 | 87.00 | OK | |
r-patched-linux-x86_64 | 1.0.3 | 13.12 | 62.99 | 76.11 | NOTE | |
r-release-linux-x86_64 | 1.0.3 | 12.54 | 62.81 | 75.35 | NOTE | |
r-release-macos-arm64 | 1.0.3 | 39.00 | NOTE | |||
r-release-macos-x86_64 | 1.0.3 | 55.00 | NOTE | |||
r-release-windows-x86_64 | 1.0.3 | 12.00 | 77.00 | 89.00 | NOTE | |
r-oldrel-macos-arm64 | 1.0.3 | 37.00 | NOTE | |||
r-oldrel-macos-x86_64 | 1.0.3 | 70.00 | NOTE | |||
r-oldrel-windows-x86_64 | 1.0.3 | 15.00 | 86.00 | 101.00 | NOTE |
Version: 1.0.3
Check: LazyData
Result: NOTE
'LazyData' is specified without a 'data' directory
Flavors: r-patched-linux-x86_64, r-release-linux-x86_64, r-release-macos-arm64, r-release-macos-x86_64, r-release-windows-x86_64, r-oldrel-macos-arm64, r-oldrel-macos-x86_64, r-oldrel-windows-x86_64