Last updated on 2023-03-29 03:52:58 CEST.
Flavor | Version | Tinstall | Tcheck | Ttotal | Status | Flags |
---|---|---|---|---|---|---|
r-devel-linux-x86_64-debian-clang | 0.2.2 | 1.96 | 25.66 | 27.62 | OK | |
r-devel-linux-x86_64-debian-gcc | 0.2.2 | 1.81 | 20.16 | 21.97 | OK | |
r-devel-linux-x86_64-fedora-clang | 0.2.2 | 35.90 | OK | |||
r-devel-linux-x86_64-fedora-gcc | 0.2.2 | 33.54 | OK | |||
r-devel-windows-x86_64 | 0.2.2 | 14.00 | 0.00 | 14.00 | OK | |
r-patched-linux-x86_64 | 0.2.2 | 2.24 | 24.90 | 27.14 | OK | |
r-release-linux-x86_64 | 0.2.2 | 2.30 | 27.67 | 29.97 | OK | |
r-release-macos-arm64 | 0.2.2 | 17.00 | NOTE | |||
r-release-macos-x86_64 | 0.2.2 | 22.00 | OK | |||
r-release-windows-x86_64 | 0.2.2 | 19.00 | 58.00 | 77.00 | OK | |
r-oldrel-macos-arm64 | 0.2.2 | 19.00 | NOTE | |||
r-oldrel-macos-x86_64 | 0.2.2 | 29.00 | NOTE | |||
r-oldrel-windows-ix86+x86_64 | 0.2.2 | 5.00 | 51.00 | 56.00 | OK |
Version: 0.2.2
Check: package dependencies
Result: NOTE
Package suggested but not available for checking: ‘IHW’
Flavors: r-release-macos-arm64, r-oldrel-macos-arm64, r-oldrel-macos-x86_64