Last updated on 2024-04-24 21:54:40 CEST.
Flavor | Version | Tinstall | Tcheck | Ttotal | Status | Flags |
---|---|---|---|---|---|---|
r-devel-linux-x86_64-debian-clang | 1.0.4 | 2.70 | 22.78 | 25.48 | NOTE | |
r-devel-linux-x86_64-debian-gcc | 1.0.4 | 1.87 | 17.51 | 19.38 | NOTE | |
r-devel-linux-x86_64-fedora-clang | 1.0.4 | 33.22 | NOTE | |||
r-devel-linux-x86_64-fedora-gcc | 1.0.4 | 43.40 | NOTE | |||
r-devel-windows-x86_64 | 1.0.4 | 4.00 | 43.00 | 47.00 | NOTE | |
r-patched-linux-x86_64 | 1.0.4 | 2.11 | 22.15 | 24.26 | NOTE | |
r-release-linux-x86_64 | 1.0.4 | 1.84 | 20.04 | 21.88 | NOTE | |
r-release-macos-arm64 | 1.0.4 | 23.00 | NOTE | |||
r-release-windows-x86_64 | 1.0.4 | 4.00 | 43.00 | 47.00 | NOTE | |
r-oldrel-macos-arm64 | 1.0.4 | 18.00 | NOTE | |||
r-oldrel-macos-x86_64 | 1.0.4 | 32.00 | NOTE | |||
r-oldrel-windows-x86_64 | 1.0.4 | 5.00 | 42.00 | 47.00 | NOTE |
Version: 1.0.4
Check: package subdirectories
Result: NOTE
Problems with news in ‘NEWS.md’:
No news entries found.
Flavors: r-devel-linux-x86_64-debian-clang, r-devel-linux-x86_64-debian-gcc, r-devel-linux-x86_64-fedora-clang, r-devel-linux-x86_64-fedora-gcc, r-devel-windows-x86_64, r-patched-linux-x86_64, r-release-linux-x86_64, r-release-macos-arm64, r-release-windows-x86_64, r-oldrel-macos-x86_64, r-oldrel-windows-x86_64
Version: 1.0.4
Check: data for non-ASCII characters
Result: NOTE
Note: found 46 marked UTF-8 strings
Flavors: r-devel-linux-x86_64-fedora-clang, r-devel-linux-x86_64-fedora-gcc, r-oldrel-macos-arm64