CRAN Package Check Results for Package BiodiversityR

Last updated on 2022-01-18 21:51:25 CET.

Flavor Version Tinstall Tcheck Ttotal Status Flags
r-devel-linux-x86_64-debian-clang 2.14-1 72.83 312.85 385.68 OK
r-devel-linux-x86_64-debian-gcc 2.14-1 56.49 252.88 309.37 OK
r-devel-linux-x86_64-fedora-clang 2.14-1 500.11 NOTE
r-devel-linux-x86_64-fedora-gcc 2.14-1 464.34 OK
r-devel-windows-x86_64-new-UL 2.14-1 223.00 303.00 526.00 OK
r-devel-windows-x86_64-new-TK 2.14-1 ERROR
r-patched-linux-x86_64 2.14-1 69.23 307.23 376.46 OK
r-release-linux-x86_64 2.14-1 OK
r-release-macos-arm64 2.14-1 OK
r-release-macos-x86_64 2.14-1 OK
r-release-windows-ix86+x86_64 2.14-1 69.00 297.00 366.00 OK
r-oldrel-macos-x86_64 2.13-1 OK
r-oldrel-windows-ix86+x86_64 2.14-1 95.00 293.00 388.00 OK

Check Details

Version: 2.14-1
Check: Rd cross-references
Result: NOTE
    Undeclared packages ‘ggplot2’, ‘pvclust’ in Rd xrefs
Flavor: r-devel-linux-x86_64-fedora-clang

Version: 2.14-1
Check: package dependencies
Result: ERROR
    Package required but not available: 'Rcmdr'
    
    Packages suggested but not available for checking: 'car', 'effects'
    
    See section 'The DESCRIPTION file' in the 'Writing R Extensions'
    manual.
Flavor: r-devel-windows-x86_64-new-TK