Last updated on 2025-01-21 03:49:57 CET.
Flavor | Version | Tinstall | Tcheck | Ttotal | Status | Flags |
---|---|---|---|---|---|---|
r-devel-linux-x86_64-debian-clang | 1.1.3 | 21.07 | 173.05 | 194.12 | OK | |
r-devel-linux-x86_64-debian-gcc | 1.1.3 | 14.53 | 123.67 | 138.20 | OK | |
r-devel-linux-x86_64-fedora-clang | 1.1.3 | 312.14 | OK | |||
r-devel-linux-x86_64-fedora-gcc | 1.1.3 | 307.53 | OK | |||
r-devel-windows-x86_64 | 1.1.3 | 2.00 | 5.00 | 7.00 | ERROR | |
r-patched-linux-x86_64 | 1.1.3 | 15.11 | 156.56 | 171.67 | OK | |
r-release-linux-x86_64 | 1.1.3 | 18.90 | 159.58 | 178.48 | OK | |
r-release-macos-arm64 | 1.1.3 | 84.00 | OK | |||
r-release-macos-x86_64 | 1.1.3 | 126.00 | OK | |||
r-release-windows-x86_64 | 1.1.3 | 19.00 | 149.00 | 168.00 | OK | |
r-oldrel-macos-arm64 | 1.1.3 | 84.00 | OK | |||
r-oldrel-macos-x86_64 | 1.1.3 | 147.00 | OK | |||
r-oldrel-windows-x86_64 | 1.1.3 | 26.00 | 188.00 | 214.00 | OK |
Version: 1.1.3
Check: whether package can be installed
Result: ERROR
Installation failed.
Flavor: r-devel-windows-x86_64