Last updated on 2024-04-26 03:55:22 CEST.
Flavor | Version | Tinstall | Tcheck | Ttotal | Status | Flags |
---|---|---|---|---|---|---|
r-devel-linux-x86_64-debian-clang | 0.4.5 | 8.55 | 90.07 | 98.62 | NOTE | |
r-devel-linux-x86_64-debian-gcc | 0.4.5 | 7.28 | 67.43 | 74.71 | NOTE | |
r-devel-linux-x86_64-fedora-clang | 0.4.5 | 125.81 | NOTE | |||
r-devel-linux-x86_64-fedora-gcc | 0.4.5 | 120.63 | NOTE | |||
r-devel-windows-x86_64 | 0.4.5 | 8.00 | 83.00 | 91.00 | NOTE | |
r-patched-linux-x86_64 | 0.4.5 | 10.88 | 85.68 | 96.56 | NOTE | |
r-release-linux-x86_64 | 0.4.5 | 9.28 | 89.32 | 98.60 | OK | |
r-release-macos-arm64 | 0.4.5 | 38.00 | NOTE | |||
r-release-windows-x86_64 | 0.4.5 | 8.00 | 82.00 | 90.00 | NOTE | |
r-oldrel-macos-arm64 | 0.4.5 | 44.00 | OK | |||
r-oldrel-macos-x86_64 | 0.4.5 | 67.00 | OK | |||
r-oldrel-windows-x86_64 | 0.4.5 | 11.00 | 98.00 | 109.00 | OK |
Version: 0.4.5
Check: Rd files
Result: NOTE
checkRd: (-1) ROC.Rd:55: Lost braces in \enumerate; \value handles \item{}{} directly
checkRd: (-1) ROC.Rd:56: Lost braces in \enumerate; \value handles \item{}{} directly
checkRd: (-1) ROC.Rd:57: Lost braces in \enumerate; \value handles \item{}{} directly
checkRd: (-1) ROC.Rd:58: Lost braces in \enumerate; \value handles \item{}{} directly
Flavors: r-devel-linux-x86_64-debian-clang, r-devel-linux-x86_64-debian-gcc, r-devel-linux-x86_64-fedora-clang, r-devel-linux-x86_64-fedora-gcc, r-devel-windows-x86_64, r-patched-linux-x86_64, r-release-macos-arm64, r-release-windows-x86_64