Last updated on 2024-04-19 11:56:39 CEST.
Flavor | Version | Tinstall | Tcheck | Ttotal | Status | Flags |
---|---|---|---|---|---|---|
r-devel-linux-x86_64-debian-clang | 0.3.4 | 4.29 | 46.38 | 50.67 | NOTE | |
r-devel-linux-x86_64-debian-gcc | 0.3.4 | NOTE | ||||
r-devel-linux-x86_64-fedora-clang | 0.3.4 | 66.37 | NOTE | |||
r-devel-linux-x86_64-fedora-gcc | 0.3.4 | 74.74 | NOTE | |||
r-prerel-macos-arm64 | 0.3.4 | 30.00 | NOTE | |||
r-prerel-windows-x86_64 | 0.3.4 | 6.00 | 58.00 | 64.00 | NOTE | |
r-patched-linux-x86_64 | 0.3.4 | 3.84 | 45.65 | 49.49 | NOTE | |
r-release-linux-x86_64 | 0.3.4 | 3.25 | 44.33 | 47.58 | NOTE | |
r-release-macos-arm64 | 0.3.4 | 30.00 | NOTE | |||
r-release-macos-x86_64 | 0.3.4 | 47.00 | NOTE | |||
r-release-windows-x86_64 | 0.3.4 | 6.00 | 61.00 | 67.00 | NOTE | |
r-oldrel-macos-arm64 | 0.3.4 | 22.00 | NOTE | |||
r-oldrel-windows-x86_64 | 0.3.4 | 7.00 | 66.00 | 73.00 | NOTE |
Version: 0.3.4
Check: LazyData
Result: NOTE
'LazyData' is specified without a 'data' directory
Flavors: r-devel-linux-x86_64-debian-clang, r-devel-linux-x86_64-debian-gcc, r-devel-linux-x86_64-fedora-clang, r-devel-linux-x86_64-fedora-gcc, r-prerel-macos-arm64, r-prerel-windows-x86_64, r-patched-linux-x86_64, r-release-linux-x86_64, r-release-macos-arm64, r-release-macos-x86_64, r-release-windows-x86_64, r-oldrel-macos-arm64, r-oldrel-windows-x86_64