Last updated on 2024-04-20 03:52:54 CEST.
Flavor | Version | Tinstall | Tcheck | Ttotal | Status | Flags |
---|---|---|---|---|---|---|
r-devel-linux-x86_64-debian-clang | 2.1.4 | 37.50 | 197.09 | 234.59 | OK | |
r-devel-linux-x86_64-debian-gcc | 2.1.4 | OK | ||||
r-devel-linux-x86_64-fedora-clang | 2.1.4 | 310.94 | NOTE | |||
r-devel-linux-x86_64-fedora-gcc | 2.1.4 | 291.41 | NOTE | |||
r-prerel-macos-arm64 | 2.1.4 | 66.00 | OK | |||
r-prerel-macos-x86_64 | 2.1.4 | 139.00 | OK | |||
r-prerel-windows-x86_64 | 2.1.4 | 37.00 | 164.00 | 201.00 | OK | |
r-patched-linux-x86_64 | 2.1.4 | 45.17 | 187.42 | 232.59 | OK | |
r-release-linux-x86_64 | 2.1.4 | 44.83 | 192.45 | 237.28 | OK | |
r-release-macos-arm64 | 2.1.4 | 70.00 | OK | |||
r-release-macos-x86_64 | 2.1.4 | 205.00 | OK | |||
r-release-windows-x86_64 | 2.1.4 | 49.00 | 204.00 | 253.00 | OK | |
r-oldrel-macos-arm64 | 2.1.4 | 75.00 | OK | |||
r-oldrel-windows-x86_64 | 2.1.4 | 47.00 | 190.00 | 237.00 | OK |
Version: 2.1.4
Check: dependencies in R code
Result: NOTE
Namespace in Imports field not imported from: ‘RBGL’
All declared Imports should be used.
Flavors: r-devel-linux-x86_64-fedora-clang, r-devel-linux-x86_64-fedora-gcc