Last updated on 2023-09-23 05:57:51 CEST.
Flavor | Version | Tinstall | Tcheck | Ttotal | Status | Flags |
---|---|---|---|---|---|---|
r-devel-linux-x86_64-debian-clang | 2.1.4 | 44.07 | 197.42 | 241.49 | OK | |
r-devel-linux-x86_64-debian-gcc | 2.1.4 | 32.97 | 162.52 | 195.49 | OK | |
r-devel-linux-x86_64-fedora-clang | 2.1.4 | 304.59 | NOTE | |||
r-devel-linux-x86_64-fedora-gcc | 2.1.4 | 304.09 | NOTE | |||
r-devel-windows-x86_64 | 2.1.4 | 38.00 | 163.00 | 201.00 | OK | |
r-patched-linux-x86_64 | 2.1.4 | 43.70 | 191.23 | 234.93 | OK | |
r-release-linux-x86_64 | 2.1.4 | 44.64 | 193.49 | 238.13 | OK | |
r-release-macos-arm64 | 2.1.4 | 70.00 | OK | |||
r-release-macos-x86_64 | 2.1.4 | 205.00 | OK | |||
r-release-windows-x86_64 | 2.1.4 | 49.00 | 203.00 | 252.00 | OK | |
r-oldrel-macos-arm64 | 2.1.4 | 75.00 | OK | |||
r-oldrel-macos-x86_64 | 2.1.4 | 98.00 | OK | |||
r-oldrel-windows-x86_64 | 2.1.4 | 46.00 | 202.00 | 248.00 | OK |
Version: 2.1.4
Check: dependencies in R code
Result: NOTE
Namespace in Imports field not imported from: ‘RBGL’
All declared Imports should be used.
Flavors: r-devel-linux-x86_64-fedora-clang, r-devel-linux-x86_64-fedora-gcc