CRAN Package Check Results for Package Bchron

Last updated on 2024-06-14 02:53:53 CEST.

Flavor Version Tinstall Tcheck Ttotal Status Flags
r-devel-linux-x86_64-debian-clang 4.7.6 11.07 454.31 465.38 NOTE
r-devel-linux-x86_64-debian-gcc 4.7.6 0.56 1.70 2.26 ERROR
r-devel-linux-x86_64-fedora-clang 4.7.6 582.48 NOTE
r-devel-linux-x86_64-fedora-gcc 4.7.6 591.84 NOTE
r-devel-windows-x86_64 4.7.6 12.00 324.00 336.00 NOTE
r-patched-linux-x86_64 4.7.6 15.35 433.83 449.18 NOTE
r-release-linux-x86_64 4.7.6 12.40 437.20 449.60 NOTE
r-release-macos-arm64 4.7.6 158.00 NOTE
r-release-macos-x86_64 4.7.6 384.00 NOTE
r-release-windows-x86_64 4.7.6 14.00 336.00 350.00 NOTE
r-oldrel-macos-arm64 4.7.6 209.00 NOTE
r-oldrel-macos-x86_64 4.7.6 353.00 NOTE
r-oldrel-windows-x86_64 4.7.6 16.00 431.00 447.00 NOTE

Check Details

Version: 4.7.6
Check: Rd files
Result: NOTE checkRd: (-1) BchronDensity.Rd:47: Lost braces in \itemize; \value handles \item{}{} directly checkRd: (-1) BchronDensity.Rd:48: Lost braces in \itemize; \value handles \item{}{} directly checkRd: (-1) BchronDensity.Rd:49: Lost braces in \itemize; \value handles \item{}{} directly checkRd: (-1) BchronDensity.Rd:50: Lost braces in \itemize; \value handles \item{}{} directly checkRd: (-1) BchronDensity.Rd:51: Lost braces in \itemize; \value handles \item{}{} directly checkRd: (-1) BchronDensity.Rd:52: Lost braces in \itemize; \value handles \item{}{} directly checkRd: (-1) BchronDensity.Rd:53: Lost braces in \itemize; \value handles \item{}{} directly checkRd: (-1) BchronRSL.Rd:34-41: Lost braces 34 | itemize{ | ^ checkRd: (-1) Glendalough.Rd:19: Escaped LaTeX specials: \& checkRd: (-1) Sluggan.Rd:19: Escaped LaTeX specials: \& Flavors: r-devel-linux-x86_64-debian-clang, r-devel-linux-x86_64-fedora-clang, r-devel-linux-x86_64-fedora-gcc, r-devel-windows-x86_64, r-patched-linux-x86_64, r-release-linux-x86_64, r-release-macos-arm64, r-release-macos-x86_64, r-release-windows-x86_64

Version: 4.7.6
Check: package dependencies
Result: ERROR Packages required but not available: 'ggplot2', 'ggridges', 'purrr', 'ggforce', 'dplyr', 'stringr' Package suggested but not available for checking: ‘testthat’ See section ‘The DESCRIPTION file’ in the ‘Writing R Extensions’ manual. Flavor: r-devel-linux-x86_64-debian-gcc

Version: 4.7.6
Check: Rd files
Result: NOTE checkRd: (-1) Glendalough.Rd:19: Escaped LaTeX specials: \& checkRd: (-1) Sluggan.Rd:19: Escaped LaTeX specials: \& Flavors: r-oldrel-macos-arm64, r-oldrel-macos-x86_64, r-oldrel-windows-x86_64