Last updated on 2024-04-19 21:56:23 CEST.
Flavor | Version | Tinstall | Tcheck | Ttotal | Status | Flags |
---|---|---|---|---|---|---|
r-devel-linux-x86_64-debian-clang | 1.0.10 | 5.10 | 64.08 | 69.18 | NOTE | |
r-devel-linux-x86_64-debian-gcc | 1.0.10 | NOTE | ||||
r-devel-linux-x86_64-fedora-clang | 1.0.10 | 84.89 | NOTE | |||
r-devel-linux-x86_64-fedora-gcc | 1.0.10 | 82.74 | NOTE | |||
r-prerel-macos-arm64 | 1.0.10 | 29.00 | OK | |||
r-prerel-macos-x86_64 | 1.0.10 | 99.00 | OK | |||
r-prerel-windows-x86_64 | 1.0.10 | 6.00 | 71.00 | 77.00 | OK | |
r-patched-linux-x86_64 | 1.0.10 | 4.91 | 61.75 | 66.66 | NOTE | |
r-release-linux-x86_64 | 1.0.10 | 4.72 | 62.46 | 67.18 | NOTE | |
r-release-macos-arm64 | 1.0.10 | 32.00 | OK | |||
r-release-macos-x86_64 | 1.0.10 | 32.00 | OK | |||
r-release-windows-x86_64 | 1.0.10 | 5.00 | 113.00 | 118.00 | OK | |
r-oldrel-macos-arm64 | 1.0.10 | 32.00 | OK | |||
r-oldrel-windows-x86_64 | 1.0.10 | 8.00 | 84.00 | 92.00 | OK |
Version: 1.0.10
Check: for non-standard things in the check directory
Result: NOTE
Found the following files/directories:
‘fabiabreast.txt’
Flavors: r-devel-linux-x86_64-debian-clang, r-devel-linux-x86_64-debian-gcc, r-devel-linux-x86_64-fedora-clang, r-devel-linux-x86_64-fedora-gcc, r-patched-linux-x86_64, r-release-linux-x86_64