CRAN Package Check Results for Package BayesianFROC

Last updated on 2020-08-11 21:48:17 CEST.

Flavor Version Tinstall Tcheck Ttotal Status Flags
r-devel-linux-x86_64-debian-clang 0.3.0 25.16 177.15 202.31 OK
r-devel-linux-x86_64-debian-gcc 0.3.0 0.70 1.97 2.67 ERROR
r-devel-linux-x86_64-fedora-clang 0.3.0 255.12 OK
r-devel-linux-x86_64-fedora-gcc 0.3.0 233.66 OK
r-devel-windows-ix86+x86_64 0.3.0 55.00 267.00 322.00 OK
r-patched-linux-x86_64 0.3.0 26.52 170.31 196.83 OK
r-patched-solaris-x86 0.3.0 296.70 OK
r-release-linux-x86_64 0.3.0 1.11 2.64 3.75 ERROR
r-release-macos-x86_64 0.3.0 OK
r-release-windows-ix86+x86_64 0.3.0 64.00 252.00 316.00 OK
r-oldrel-macos-x86_64 0.3.0 NOTE
r-oldrel-windows-ix86+x86_64 0.3.0 39.00 182.00 221.00 OK

Check Details

Version: 0.3.0
Check: package dependencies
Result: ERROR
    Package required but not available: ‘DiagrammeR’
    
    Package suggested but not available for checking: ‘ggmcmc’
    
    See section ‘The DESCRIPTION file’ in the ‘Writing R Extensions’
    manual.
Flavors: r-devel-linux-x86_64-debian-gcc, r-release-linux-x86_64

Version: 0.3.0
Check: dependencies in R code
Result: NOTE
    No protocol specified
    No protocol specified
Flavor: r-oldrel-macos-x86_64